000
CDUS45 KCYS 250342
CLICYS


CLIMATE REPORT
NATIONAL WEATHER SERVICE CHEYENNE WY
942 PM MDT FRI APR 24 2015


...................................

...THE CHEYENNE WYOMING AIRPORT CLIMATE SUMMARY FOR APRIL 24 2015...
VALID TODAY AS OF 0900 PM LOCAL TIME.

CLIMATE NORMAL PERIOD 1981 TO 2010
CLIMATE RECORD PERIOD 1871 TO 2015


WEATHER ITEM   OBSERVED TIME   RECORD YEAR NORMAL DEPARTURE
                VALUE   (LST)  VALUE       VALUE  FROM
                                                  NORMAL
...............................................................
TEMPERATURE (F)
 TODAY
  MAXIMUM         62   1146 AM  80    2012  58      4
  MINIMUM         38    527 AM   5    1873  33      5
  AVERAGE         50                        45      5

PRECIPITATION (IN)
  TODAY            T             2.45 1929   0.07  -0.07
  MONTH TO DATE    2.19                      1.37   0.82
  SINCE MAR 1      2.30                      2.42  -0.12
  SINCE JAN 1      3.06                      3.22  -0.16

SNOWFALL (IN)
  TODAY            0.0          12.0  1942   0.3   -0.3
  MONTH TO DATE   13.5                       8.8    4.7
  SINCE JUL 1     48.2                      56.6   -8.4
  SNOW DEPTH       0

DEGREE DAYS
 HEATING
  TODAY           15                               -5
  MONTH TO DATE  526                              -28
  SINCE MAR 1   1234                             -221
  SINCE JUL 1   5880                             -594

 COOLING
  TODAY            0                                0
  MONTH TO DATE    0                                0
  SINCE MAR 1      0                                0
  SINCE JAN 1      0                                0
...............................................................


WIND (MPH)
  HIGHEST WIND SPEED    30   HIGHEST WIND DIRECTION     W (270)
  HIGHEST GUST SPEED    37   HIGHEST GUST DIRECTION     W (270)
  AVERAGE WIND SPEED    12.9




RELATIVE HUMIDITY (PERCENT)
 HIGHEST    65
 LOWEST     27
 AVERAGE    46

..........................................................


THE CHEYENNE WYOMING AIRPORT CLIMATE NORMALS FOR TOMORROW
                         NORMAL    RECORD    YEAR
 MAXIMUM TEMPERATURE (F)   58        77      1962
                                             1891
 MINIMUM TEMPERATURE (F)   33        14      1924


SUNRISE AND SUNSET
APRIL 24 2015.........SUNRISE   607 AM MDT   SUNSET   749 PM MDT
APRIL 25 2015.........SUNRISE   605 AM MDT   SUNSET   750 PM MDT


-  INDICATES NEGATIVE NUMBERS.
R  INDICATES RECORD WAS SET OR TIED.
MM INDICATES DATA IS MISSING.
T  INDICATES TRACE AMOUNT.




$$
