000
CDUS43 KUNR 040834
CLID07


CLIMATE REPORT
NATIONAL WEATHER SERVICE RAPID CITY SD
232 AM MDT MON MAY 4 2015


...................................

...THE FAITH SD CLIMATE SUMMARY FOR MAY 3 2015...

CLIMATE NORMAL PERIOD 1981 TO 2010
CLIMATE RECORD PERIOD 9999 TO 9999


WEATHER ITEM   OBSERVED TIME   NORMAL DEPARTURE LAST
                VALUE   (LST)  VALUE  FROM      YEAR
                                      NORMAL
......................................................
TEMPERATURE (F)
 YESTERDAY
  MAXIMUM         68    240 PM  64      4       55
  MINIMUM         41   1159 PM  39      2       40
  AVERAGE         55            51      4       48

PRECIPITATION (IN)
  YESTERDAY        0.00          0.10  -0.10     0.00
  MONTH TO DATE    0.00          0.29  -0.29     0.00
  SINCE MAR 1      0.65          2.90  -2.25     2.07
  SINCE JAN 1      1.08          3.52  -2.44     2.97

DEGREE DAYS
 HEATING
  YESTERDAY       10            14     -4       17
  MONTH TO DATE   17            42    -25       51
  SINCE MAR 1   1282          1653   -371     1777
  SINCE JUL 1   6781          7341   -560     7863

 COOLING
  YESTERDAY        0             0      0        0
  MONTH TO DATE    0             0      0        0
  SINCE MAR 1      2             1      1        0
  SINCE JAN 1      2             1      1        0
......................................................


WIND (MPH)
  HIGHEST WIND SPEED    28   HIGHEST WIND DIRECTION     N (10)
  HIGHEST GUST SPEED    31   HIGHEST GUST DIRECTION     N (10)
  AVERAGE WIND SPEED    13.0




RELATIVE HUMIDITY (PERCENT)
 HIGHEST    60           500 AM
 LOWEST     23           500 PM
 AVERAGE    42

..........................................................




SUNRISE AND SUNSET
MAY  4 2015...........SUNRISE   533 AM MDT   SUNSET   757 PM MDT
MAY  5 2015...........SUNRISE   532 AM MDT   SUNSET   758 PM MDT


-  INDICATES NEGATIVE NUMBERS.
R  INDICATES RECORD WAS SET OR TIED.
MM INDICATES DATA IS MISSING.
T  INDICATES TRACE AMOUNT.




$$
