000
CDUS42 KMLB 270626
CLIDAB


CLIMATE REPORT
NATIONAL WEATHER SERVICE MELBOURNE FL
226 AM EDT MON APR 27 2015


...................................

...THE DAYTONA BEACH CLIMATE SUMMARY FOR APRIL 26 2015...

CLIMATE NORMAL PERIOD 1981 TO 2010
CLIMATE RECORD PERIOD 1923 TO 2015


WEATHER ITEM   OBSERVED TIME   RECORD YEAR NORMAL DEPARTURE LAST
                VALUE   (LST)  VALUE       VALUE  FROM      YEAR
                                                  NORMAL
..................................................................
TEMPERATURE (F)
 YESTERDAY
  MAXIMUM         88    340 PM  93    1967  81      7       82
  MINIMUM         74    518 AM  49    1986  60     14       66
                                      1983
  AVERAGE         81                        71     10       74

PRECIPITATION (IN)
  YESTERDAY        0.02          1.20 1939   0.06  -0.04     0.00
  MONTH TO DATE    5.21                      1.97   3.24     2.23
  SINCE MAR 1      6.07                      6.21  -0.14     6.95
  SINCE JAN 1     11.50                     11.73  -0.23    13.53

SNOWFALL (IN)
  YESTERDAY        0.0
  MONTH TO DATE    0.0
  SINCE JUL 1      0.0

DEGREE DAYS
 HEATING
  YESTERDAY        0                         0      0        0
  MONTH TO DATE    0                        27    -27        9
  SINCE MAR 1     35                       124    -89       89
  SINCE JUL 1    682                       806   -124      602

 COOLING
  YESTERDAY       16                         6     10        9
  MONTH TO DATE  276                       119    157      140
  SINCE MAR 1    466                       196    270      199
  SINCE JAN 1    506                       261    245      283
..................................................................


WIND (MPH)
  HIGHEST WIND SPEED    23   HIGHEST WIND DIRECTION     W (250)
  HIGHEST GUST SPEED    28   HIGHEST GUST DIRECTION     W (260)
  AVERAGE WIND SPEED    11.0


SKY COVER
  AVERAGE SKY COVER 0.6


WEATHER CONDITIONS
 THE FOLLOWING WEATHER WAS RECORDED YESTERDAY.
  THUNDERSTORM
  LIGHT RAIN
  FOG


RELATIVE HUMIDITY (PERCENT)
 HIGHEST    94           300 AM
 LOWEST     59           300 PM
 AVERAGE    77

..........................................................


THE DAYTONA BEACH CLIMATE NORMALS FOR TODAY
                         NORMAL    RECORD    YEAR
 MAXIMUM TEMPERATURE (F)   81        93      1989
 MINIMUM TEMPERATURE (F)   61        46      1926


SUNRISE AND SUNSET
APRIL 27 2015.........SUNRISE   646 AM EDT   SUNSET   758 PM EDT
APRIL 28 2015.........SUNRISE   645 AM EDT   SUNSET   758 PM EDT


-  INDICATES NEGATIVE NUMBERS.
R  INDICATES RECORD WAS SET OR TIED.
MM INDICATES DATA IS MISSING.
T  INDICATES TRACE AMOUNT.




$$
