000
CDUS41 KILN 040556
CLIDAY


CLIMATE REPORT
NATIONAL WEATHER SERVICE WILMINGTON OH
155 AM EDT MON MAY 4 2015


...................................

...THE DAYTON OH CLIMATE SUMMARY FOR MAY 3 2015...

CLIMATE NORMAL PERIOD 1981 TO 2010
CLIMATE RECORD PERIOD 1869 TO 2015


WEATHER ITEM   OBSERVED TIME   RECORD YEAR NORMAL DEPARTURE LAST
                VALUE   (LST)  VALUE       VALUE  FROM      YEAR
                                                  NORMAL
..................................................................
TEMPERATURE (F)
 YESTERDAY
  MAXIMUM         78    358 PM  90    1899  68     10       67
  MINIMUM         52    458 AM  32    2005  47      5       48
  AVERAGE         65                        58      7       58

PRECIPITATION (IN)
  YESTERDAY        0.00          1.38 1958   0.15  -0.15      T
  MONTH TO DATE    0.00                      0.44  -0.44      T
  SINCE MAR 1      9.17                      7.87   1.30     8.42
  SINCE JAN 1     13.53                     12.82   0.71    13.40

SNOWFALL (IN)
  YESTERDAY        0.0           0.0    MM   0.0    0.0      0.0
  MONTH TO DATE    0.0                       0.0    0.0      0.0
  SINCE MAR 1      5.7                       4.0    1.7      8.2
  SINCE JUL 1     27.7                      23.3    4.4     53.6
  SNOW DEPTH       0

DEGREE DAYS
 HEATING
  YESTERDAY        0                         8     -8        7
  MONTH TO DATE    8                        25    -17       34
  SINCE MAR 1   1139                      1201    -62     1243
  SINCE JUL 1   5702                      5476    226     5842

 COOLING
  YESTERDAY        0                         1     -1        0
  MONTH TO DATE    0                         3     -3        0
  SINCE MAR 1      4                        13     -9        8
  SINCE JAN 1      4                        13     -9        8
..................................................................


WIND (MPH)
  RESULTANT WIND SPEED   7   RESULTANT WIND DIRECTION  SW (210)
  HIGHEST WIND SPEED    17   HIGHEST WIND DIRECTION    SW (230)
  HIGHEST GUST SPEED    22   HIGHEST GUST DIRECTION    SW (220)
  AVERAGE WIND SPEED     7.8



WEATHER CONDITIONS
 THE FOLLOWING WEATHER WAS RECORDED YESTERDAY.
  NO SIGNIFICANT WEATHER WAS OBSERVED.


RELATIVE HUMIDITY (PERCENT)
 HIGHEST    77           500 AM
 LOWEST     33           300 PM
 AVERAGE    55

..........................................................


THE DAYTON OH CLIMATE NORMALS FOR TODAY
                         NORMAL    RECORD    YEAR
 MAXIMUM TEMPERATURE (F)   68        88      1949
                                             1902
                                             1895
 MINIMUM TEMPERATURE (F)   48        28      1903


SUNRISE AND SUNSET
MAY  4 2015...........SUNRISE   634 AM EDT   SUNSET   834 PM EDT
MAY  5 2015...........SUNRISE   633 AM EDT   SUNSET   835 PM EDT


-  INDICATES NEGATIVE NUMBERS.
R  INDICATES RECORD WAS SET OR TIED.
MM INDICATES DATA IS MISSING.
T  INDICATES TRACE AMOUNT.




$$
