000
CDUS45 KBOU 190818
CLIDEN


CLIMATE REPORT
NATIONAL WEATHER SERVICE DENVER CO
217 AM MDT SUN APR 19 2015


...................................

...THE DENVER CO CLIMATE SUMMARY FOR APRIL 18 2015...

CLIMATE NORMAL PERIOD 1981 TO 2010
CLIMATE RECORD PERIOD 1872 TO 2015


WEATHER ITEM   OBSERVED TIME   RECORD YEAR NORMAL DEPARTURE LAST
                VALUE   (LST)  VALUE       VALUE  FROM      YEAR
                                                  NORMAL
..................................................................
TEMPERATURE (F)
 YESTERDAY
  MAXIMUM         53    232 PM  82    1987  62     -9       79
  MINIMUM         34    123 AM   8    1953  34      0       42
  AVERAGE         44                        48     -4       61

PRECIPITATION (IN)
  YESTERDAY        T             1.54 1884   0.07  -0.07     0.00
  MONTH TO DATE    1.80                      0.89   0.91     0.69
  SINCE MAR 1      2.59                      1.81   0.78     1.52
  SINCE JAN 1      4.22                      2.59   1.63     2.65

SNOWFALL (IN)
  YESTERDAY        0.0
  MONTH TO DATE    5.3
  SINCE MAR 1      8.2
  SINCE JUL 1     53.8
  SNOW DEPTH       0


DEGREE DAYS
 HEATING
  YESTERDAY       21                        17      4        4
  MONTH TO DATE  307                       344    -37      325
  SINCE MAR 1    918                      1107   -189     1064
  SINCE JUL 1   5031                      5546   -515     5583

 COOLING
  YESTERDAY        0                         0      0        0
  MONTH TO DATE    0                         0      0        0
  SINCE MAR 1      0                         0      0        0
  SINCE JAN 1      0                         0      0        0
..................................................................


WIND (MPH)
  HIGHEST WIND SPEED    26   HIGHEST WIND DIRECTION     N (340)
  HIGHEST GUST SPEED    34   HIGHEST GUST DIRECTION     N (350)
  AVERAGE WIND SPEED     9.2


SKY COVER **
  POSSIBLE SUNSHINE  MM
  AVERAGE SKY COVER 0.9


WEATHER CONDITIONS
 THE FOLLOWING WEATHER WAS RECORDED YESTERDAY.
  THUNDERSTORM
  RAIN
  LIGHT RAIN
  HAIL


RELATIVE HUMIDITY (PERCENT)
 HIGHEST   100          1200 AM
 LOWEST     48           200 PM
 AVERAGE    74

..........................................................


THE DENVER CO CLIMATE NORMALS FOR TODAY
                         NORMAL    RECORD    YEAR
 MAXIMUM TEMPERATURE (F)   62        83      1961
 MINIMUM TEMPERATURE (F)   34        13      1893


SUNRISE AND SUNSET
APRIL 19 2015.........SUNRISE   615 AM MST   SUNSET   740 PM MST
APRIL 20 2015.........SUNRISE   614 AM MST   SUNSET   741 PM MST


-  INDICATES NEGATIVE NUMBERS.
R  INDICATES RECORD WAS SET OR TIED.
MM INDICATES DATA IS MISSING.
T  INDICATES TRACE AMOUNT.

&&

** SUNSHINE DATA WILL NO LONGER BE AVAILABLE EFFECTIVE OCTOBER 1ST 2009.




$$
