000
CDUS44 KSHV 060736
CLIDEQ


CLIMATE REPORT
NATIONAL WEATHER SERVICE SHREVEPORT, LA
236 AM CDT WED MAY 6 2015


...................................

...THE DE QUEEN CLIMATE SUMMARY FOR MAY 5 2015...

CLIMATE NORMAL PERIOD 1981 TO 2010
CLIMATE RECORD PERIOD 1902 TO 2015


WEATHER ITEM   OBSERVED TIME   RECORD YEAR NORMAL DEPARTURE LAST
                VALUE   (LST)  VALUE       VALUE  FROM      YEAR
                                                  NORMAL
..................................................................
TEMPERATURE (F)
 YESTERDAY
  MAXIMUM         83    210 PM  92    1955  78      5       86
  MINIMUM         59    120 AM  37    2013  55      4       47
  AVERAGE         71                        67      4       67

PRECIPITATION (IN)
  YESTERDAY        0.00          2.70 1961   0.22  -0.22     0.00
  MONTH TO DATE    0.00                      1.15  -1.15     0.00
  SINCE DEC 1     17.94                     21.08  -3.14    10.33
  SINCE JAN 1     16.22                     16.72  -0.50     8.40

SNOWFALL (IN)
  YESTERDAY        0.0
  MONTH TO DATE    0.0
  SINCE MAR 1      2.6
  SINCE JUL 1      7.9
  SNOW DEPTH       0

DEGREE DAYS
 HEATING
  YESTERDAY        0                         2     -2        0
  MONTH TO DATE    2                        10     -8       23
  SINCE MAR 1    447                       540    -93      664
  SINCE JUL 1   3099                      3031     68     3436

 COOLING
  YESTERDAY        6                         3      3        2
  MONTH TO DATE   13                        15     -2        5
  SINCE MAR 1     61                        60      1       43
  SINCE JAN 1     61                        62     -1       43
..................................................................


WIND (MPH)
  HIGHEST WIND SPEED    16   HIGHEST WIND DIRECTION    SE (130)
  HIGHEST GUST SPEED    24   HIGHEST GUST DIRECTION    SE (130)
  AVERAGE WIND SPEED     7.1


SKY COVER
  POSSIBLE SUNSHINE  MM
  AVERAGE SKY COVER 0.5


WEATHER CONDITIONS
 THE FOLLOWING WEATHER WAS RECORDED YESTERDAY.
  FOG


RELATIVE HUMIDITY (PERCENT)
 HIGHEST    97          1200 AM
 LOWEST     49           500 PM
 AVERAGE    73

..........................................................


THE DE QUEEN CLIMATE NORMALS FOR TODAY
                         NORMAL    RECORD    YEAR
 MAXIMUM TEMPERATURE (F)   79        89      1959
 MINIMUM TEMPERATURE (F)   56        39      2013


SUNRISE AND SUNSET
MAY  6 2015...........SUNRISE   624 AM CDT   SUNSET   805 PM CDT
MAY  7 2015...........SUNRISE   623 AM CDT   SUNSET   806 PM CDT


-  INDICATES NEGATIVE NUMBERS.
R  INDICATES RECORD WAS SET OR TIED.
MM INDICATES DATA IS MISSING.
T  INDICATES TRACE AMOUNT.




$$
