000
CDUS44 KFWD 210647
CLIDFW


CLIMATE REPORT
NATIONAL WEATHER SERVICE FORT WORTH TX
147 AM CDT TUE APR 21 2015


...................................

...THE DALLAS FORT WORTH CLIMATE SUMMARY FOR APRIL 20 2015...

CLIMATE NORMAL PERIOD 1981 TO 2010
CLIMATE RECORD PERIOD 1898 TO 2015


WEATHER ITEM   OBSERVED TIME   RECORD YEAR NORMAL DEPARTURE LAST
                VALUE   (LST)  VALUE       VALUE  FROM      YEAR
                                                  NORMAL
..................................................................
TEMPERATURE (F)
 YESTERDAY
  MAXIMUM         69    517 PM  94    1925  77     -8       80
  MINIMUM         46    529 AM  40    1953  56    -10       61
  AVERAGE         58                        67     -9       71

PRECIPITATION (IN)
  YESTERDAY        0.00          1.52 1942   0.11  -0.11     0.57
  MONTH TO DATE    3.08                      1.82   1.26     1.66
  SINCE MAR 1      5.61                      5.31   0.30     3.11
  SINCE JAN 1     12.19                     10.10   2.09     3.85

SNOWFALL (IN)
  YESTERDAY        0.0           0.0    MM   0.0    0.0      0.0
  MONTH TO DATE    0.0                       0.0    0.0      0.0
  SINCE MAR 1      3.5                       0.2    3.3      0.1
  SINCE JUL 1      5.8                       1.2    4.6      2.9
  SNOW DEPTH       0

DEGREE DAYS
 HEATING
  YESTERDAY        7                         2      5        0
  MONTH TO DATE   36                        70    -34       94
  SINCE MAR 1    337                       331      6      415
  SINCE JUL 1   2373                      2263    110     2588

 COOLING
  YESTERDAY        0                         4     -4        6
  MONTH TO DATE   69                        54     15       70
  SINCE MAR 1    103                        86     17       92
  SINCE JAN 1    103                        93     10       92
..................................................................


WIND (MPH)
  HIGHEST WIND SPEED    16   HIGHEST WIND DIRECTION     N (340)
  HIGHEST GUST SPEED    20   HIGHEST GUST DIRECTION    NE (40)
  AVERAGE WIND SPEED     6.9


SKY COVER
  POSSIBLE SUNSHINE  MM
  AVERAGE SKY COVER 0.3


WEATHER CONDITIONS
 THE FOLLOWING WEATHER WAS RECORDED YESTERDAY.
  NO SIGNIFICANT WEATHER WAS OBSERVED.


RELATIVE HUMIDITY (PERCENT)
 HIGHEST    80           600 AM
 LOWEST     32           200 PM
 AVERAGE    56

..........................................................


THE DALLAS FORT WORTH CLIMATE NORMALS FOR TODAY
                         NORMAL    RECORD    YEAR
 MAXIMUM TEMPERATURE (F)   78        95      1955
 MINIMUM TEMPERATURE (F)   56        39      1918


SUNRISE AND SUNSET
APRIL 21 2015.........SUNRISE   652 AM CDT   SUNSET   803 PM CDT
APRIL 22 2015.........SUNRISE   651 AM CDT   SUNSET   803 PM CDT


-  INDICATES NEGATIVE NUMBERS.
R  INDICATES RECORD WAS SET OR TIED.
MM INDICATES DATA IS MISSING.
T  INDICATES TRACE AMOUNT.




$$
