000
CDUS43 KDDC 281438
CLIDGC


CLIMATE REPORT
NATIONAL WEATHER SERVICE DODGE CITY KS
937 AM CDT TUE APR 28 2015


...................................

...THE DODGE CITY KS CLIMATE SUMMARY FOR APRIL 28 2015...
VALID AS OF 0800 AM LOCAL TIME.

CLIMATE NORMAL PERIOD 1981 TO 2010
CLIMATE RECORD PERIOD 1875 TO 2015


WEATHER ITEM   OBSERVED TIME   RECORD YEAR NORMAL DEPARTURE LAST
                VALUE   (LST)  VALUE       VALUE  FROM      YEAR
                                                  NORMAL
..................................................................
TEMPERATURE (F)
 TODAY
  MAXIMUM         48    759 AM  95    1910  72    -24       66
  MINIMUM         34    350 AM  30    1965  45    -11       44
  AVERAGE         41                        58    -17       55

PRECIPITATION (IN)
  TODAY            0.00          1.75 1940   0.07  -0.07     0.00
  MONTH TO DATE    1.80                      1.68   0.12     0.72
  SINCE MAR 1      2.09                      3.27  -1.18     0.99
  SINCE JAN 1      3.39                      4.53  -1.14     1.83

SNOWFALL (IN)
  TODAY            0.0           T    1994   0.0    0.0      0.0
  MONTH TO DATE    0.0                       1.1   -1.1      2.2
  SINCE MAR 1      T                         6.0   -6.0      6.6
  SINCE JUL 1     21.4                      21.1    0.3     31.1
  SNOW DEPTH       0

..................................................................


WIND (MPH)
  HIGHEST WIND SPEED    13   HIGHEST WIND DIRECTION     N (360)
  HIGHEST GUST SPEED    16   HIGHEST GUST DIRECTION     N (360)
  AVERAGE WIND SPEED     8.8



WEATHER CONDITIONS
 THE FOLLOWING WEATHER WAS RECORDED TODAY.
  NO SIGNIFICANT WEATHER WAS OBSERVED.


RELATIVE HUMIDITY (PERCENT)
 HIGHEST    82           300 AM
 LOWEST     65           800 AM

..........................................................


THE DODGE CITY KS CLIMATE NORMALS FOR TOMORROW
                         NORMAL    RECORD    YEAR
 MAXIMUM TEMPERATURE (F)   72        91      1981
                                             1887
 MINIMUM TEMPERATURE (F)   45        25      1908
                                             1907


SUNRISE AND SUNSET
APRIL 28 2015.........SUNRISE   648 AM CDT   SUNSET   827 PM CDT
APRIL 29 2015.........SUNRISE   647 AM CDT   SUNSET   828 PM CDT


-  INDICATES NEGATIVE NUMBERS.
R  INDICATES RECORD WAS SET OR TIED.
MM INDICATES DATA IS MISSING.
T  INDICATES TRACE AMOUNT.




$$
