000
CDUS45 KTFX 061013
CLIDLN


CLIMATE REPORT
NATIONAL WEATHER SERVICE GREAT FALLS MT
412 AM MDT WED MAY 6 2015


...................................

...THE DILLON AIRPORT MT CLIMATE SUMMARY FOR MAY 5 2015...

CLIMATE NORMAL PERIOD 1981 TO 2010
CLIMATE RECORD PERIOD 1929 TO 2015


WEATHER ITEM   OBSERVED TIME   RECORD YEAR NORMAL DEPARTURE LAST
                VALUE   (LST)  VALUE       VALUE  FROM      YEAR
                                                  NORMAL
..................................................................
TEMPERATURE (F)
 YESTERDAY
  MAXIMUM         69   1213 PM  86    1966  61      8       60
  MINIMUM         45    548 AM  19    2010  34     11       39
  AVERAGE         57                        48      9       50

PRECIPITATION (IN)
  YESTERDAY        0.08          0.35 1965   0.04   0.04     0.03
  MONTH TO DATE    0.08                      0.21  -0.13     0.03
  SINCE OCT 1      2.77                      3.73  -0.96     2.25
  SINCE JAN 1      1.61                      2.33  -0.72     1.76

SNOWFALL (IN)
  YESTERDAY       MM
  SNOW DEPTH       0

DEGREE DAYS
 HEATING
  YESTERDAY        8                              -10       15
  MONTH TO DATE   48                              -43       53
  SINCE MAR 1   1437                             -306     1649
  SINCE JUL 1   6549                            -1111     7429

 COOLING
  YESTERDAY        0                                0        0
  MONTH TO DATE    0                                0        0
  SINCE MAR 1      0                                0        0
  SINCE JAN 1      0                                0        0
..................................................................


WIND (MPH)
  HIGHEST WIND SPEED    36   HIGHEST WIND DIRECTION     W (270)
  HIGHEST GUST SPEED    47   HIGHEST GUST DIRECTION    SW (220)
  AVERAGE WIND SPEED     9.4


SKY COVER
  AVERAGE SKY COVER 0.4


WEATHER CONDITIONS
 THE FOLLOWING WEATHER WAS RECORDED YESTERDAY.
  THUNDERSTORM
  RAIN
  LIGHT RAIN
  HAZE


RELATIVE HUMIDITY (PERCENT)
 HIGHEST    80
 LOWEST     28
 AVERAGE    54

..........................................................


THE DILLON AIRPORT MT CLIMATE NORMALS FOR TODAY
                         NORMAL    RECORD    YEAR
 MAXIMUM TEMPERATURE (F)   61        86      1992
 MINIMUM TEMPERATURE (F)   34        19      1968


SUNRISE AND SUNSET
MAY  6 2015...........SUNRISE   612 AM MDT   SUNSET   842 PM MDT
MAY  7 2015...........SUNRISE   611 AM MDT   SUNSET   844 PM MDT


-  INDICATES NEGATIVE NUMBERS.
R  INDICATES RECORD WAS SET OR TIED.
MM INDICATES DATA IS MISSING.
T  INDICATES TRACE AMOUNT.




$$
