000
CDUS43 KEAX 270641
CLIDMO


CLIMATE REPORT
NATIONAL WEATHER SERVICE KANSAS CITY/PLEASANT HILL MO
140 AM CDT MON APR 27 2015


...................................

...THE SEDALIA MO CLIMATE SUMMARY FOR APRIL 26 2015...

CLIMATE NORMAL PERIOD 1981 TO 2010
CLIMATE RECORD PERIOD 9999 TO 9999


WEATHER ITEM   OBSERVED TIME   NORMAL DEPARTURE LAST
                VALUE   (LST)  VALUE  FROM      YEAR
                                      NORMAL
......................................................
TEMPERATURE (F)
 YESTERDAY
  MAXIMUM         64    335 PM  70     -6       78
  MINIMUM         48   1159 PM  50     -2       51
  AVERAGE         56            60     -4       65

PRECIPITATION (IN)
  YESTERDAY        0.00          0.18  -0.18     0.03
  MONTH TO DATE    3.82          3.47   0.35     6.09
  SINCE MAR 1      4.95          6.08  -1.13     7.02
  SINCE JAN 1      7.03          9.68  -2.65     7.96

DEGREE DAYS
 HEATING
  YESTERDAY        9             6      3        0
  MONTH TO DATE  166           257    -91      252
  SINCE MAR 1    706           842   -136      946
  SINCE JUL 1   4554          4459     95     5165

 COOLING
  YESTERDAY        0             1     -1        0
  MONTH TO DATE   16            25     -9       10
  SINCE MAR 1     17            28    -11       10
  SINCE JAN 1     17            28    -11       10
......................................................


WIND (MPH)
  HIGHEST WIND SPEED    18   HIGHEST WIND DIRECTION    NE (50)
  HIGHEST GUST SPEED    24   HIGHEST GUST DIRECTION    NE (50)
  AVERAGE WIND SPEED     9.9


SKY COVER
  AVERAGE SKY COVER 0.5


WEATHER CONDITIONS
 THE FOLLOWING WEATHER WAS RECORDED YESTERDAY.
  FOG
  HAZE


RELATIVE HUMIDITY (PERCENT)
 HIGHEST    93           100 AM
 LOWEST     36           500 PM
 AVERAGE    65

..........................................................


THE SEDALIA MO CLIMATE NORMALS FOR TODAY
                         NORMAL
 MAXIMUM TEMPERATURE (F)   71
 MINIMUM TEMPERATURE (F)   50


SUNRISE AND SUNSET
APRIL 27 2015.........SUNRISE   620 AM CDT   SUNSET   801 PM CDT
APRIL 28 2015.........SUNRISE   619 AM CDT   SUNSET   802 PM CDT


-  INDICATES NEGATIVE NUMBERS.
R  INDICATES RECORD WAS SET OR TIED.
MM INDICATES DATA IS MISSING.
T  INDICATES TRACE AMOUNT.




$$
