000
CDUS46 KOTX 030823
CLIEAT


CLIMATE REPORT
NATIONAL WEATHER SERVICE SPOKANE, WA
122 AM PDT SUN MAY 3 2015


...................................

...THE WENATCHEE WA PANGBORN FIELD CLIMATE SUMMARY FOR MAY 2 2015...

CLIMATE NORMAL PERIOD 1981 TO 2010
CLIMATE RECORD PERIOD 1959 TO 2015


WEATHER ITEM   OBSERVED TIME   RECORD YEAR NORMAL DEPARTURE LAST
                VALUE   (LST)  VALUE       VALUE  FROM      YEAR
                                                  NORMAL
..................................................................
TEMPERATURE (F)
 YESTERDAY
  MAXIMUM         72    451 PM  85    2014  67      5       85
  MINIMUM         49    452 AM  35    1997  44      5       55
  AVERAGE         61                        56      5       70

PRECIPITATION (IN)
  YESTERDAY        0.00          0.31 2007   0.02  -0.02     0.00
  MONTH TO DATE    0.00                      0.03  -0.03     0.00
  SINCE OCT 1      5.66                      5.95  -0.29     2.69
  SINCE JAN 1      2.48                      3.00  -0.52     2.13

SNOWFALL (IN)
  YESTERDAY       MM

DEGREE DAYS
 HEATING
  YESTERDAY        4                        10     -6        0
  MONTH TO DATE    4                        20    -16        0
  SINCE MAR 1    799                      1072   -273      974
  SINCE JUL 1   4428                      5536  -1108     5544

 COOLING
  YESTERDAY        0                         0      0        5
  MONTH TO DATE    2                         0      2        6
  SINCE MAR 1      2                        38    -36        6
  SINCE JAN 1      2                        38    -36        6
..................................................................


WIND (MPH)
  HIGHEST WIND SPEED    22   HIGHEST WIND DIRECTION     W (290)
  HIGHEST GUST SPEED    26   HIGHEST GUST DIRECTION     W (280)
  AVERAGE WIND SPEED     7.9


SKY COVER
  POSSIBLE SUNSHINE  MM
  AVERAGE SKY COVER 0.0


WEATHER CONDITIONS
 THE FOLLOWING WEATHER WAS RECORDED YESTERDAY.
  NO SIGNIFICANT WEATHER WAS OBSERVED.


RELATIVE HUMIDITY (PERCENT)
 HIGHEST    46           500 AM
 LOWEST     16           400 PM
 AVERAGE    31

..........................................................


THE WENATCHEE WA PANGBORN FIELD CLIMATE NORMALS FOR TODAY
                         NORMAL    RECORD    YEAR
 MAXIMUM TEMPERATURE (F)   67        87      1966
 MINIMUM TEMPERATURE (F)   45        34      1996


SUNRISE AND SUNSET
MAY  3 2015...........SUNRISE   541 AM PDT   SUNSET   815 PM PDT
MAY  4 2015...........SUNRISE   540 AM PDT   SUNSET   816 PM PDT


-  INDICATES NEGATIVE NUMBERS.
R  INDICATES RECORD WAS SET OR TIED.
MM INDICATES DATA IS MISSING.
T  INDICATES TRACE AMOUNT.




$$
