000
CDUS46 KEKA 261533 CCA
CLIEKA

CLIMATE REPORT...CORRECTED FOR AVG WIND SPEED
NATIONAL WEATHER SERVICE EUREKA CA
831 AM PDT SUN APR 26 2015


...................................

...THE EUREKA CA CLIMATE SUMMARY FOR APRIL 25 2015...

CLIMATE NORMAL PERIOD 1981 TO 2010
CLIMATE RECORD PERIOD 1886 TO 2015


WEATHER ITEM   OBSERVED RECORD YEAR NORMAL DEPARTURE LAST
                VALUE   VALUE       VALUE  FROM      YEAR
                                           NORMAL
...........................................................
TEMPERATURE (F)
 YESTERDAY
  MAXIMUM         57     72    1897  58     -1       56
  MINIMUM         47     37    1949  45      2       46
                               1932
  AVERAGE         52                 52      0       51

PRECIPITATION (IN)
  YESTERDAY        0.00   1.11 1994   0.09  -0.09     0.17
  MONTH TO DATE    2.56               2.89  -0.33     1.35
  SINCE OCT 1     30.55              36.29  -5.74    16.94
  SINCE JAN 1     12.17              20.32  -8.15    15.04

SNOWFALL (IN)
  YESTERDAY        0.0   MM      MM   0.0    0.0     MM
  MONTH TO DATE    T                  0.0    0.0      0.0
  SINCE MAR 1      T                  0.0    0.0      0.0
  SINCE JUL 1      T                  0.2   -0.2       T
  SNOW DEPTH       0

DEGREE DAYS
 HEATING
  YESTERDAY       13                 13      0       14
  MONTH TO DATE  368                359      9      326
  SINCE MAR 1    763                835    -72      736
  SINCE JUL 1   2918               3757   -839     3827

 COOLING
  YESTERDAY        0                  0      0        0
  MONTH TO DATE    0                  0      0        0
  SINCE MAR 1      0                  0      0        0
  SINCE JAN 1      0                  0      0        0
...........................................................


WIND (MPH)
  HIGHEST WIND SPEED    12   HIGHEST WIND DIRECTION     N (350)
  HIGHEST GUST SPEED    16   HIGHEST GUST DIRECTION    MM
  AVERAGE WIND SPEED     3.5


SKY COVER
  AVERAGE SKY COVER 0.6


WEATHER CONDITIONS
 THE FOLLOWING WEATHER WAS RECORDED YESTERDAY.
  FOG


..........................................................


THE EUREKA CA CLIMATE NORMALS FOR TODAY
                         NORMAL    RECORD    YEAR
 MAXIMUM TEMPERATURE (F)   58        73      2004
                                             1891
 MINIMUM TEMPERATURE (F)   45        35      1901


SUNRISE AND SUNSET
APRIL 26 2015.........SUNRISE   622 AM PDT   SUNSET   808 PM PDT
APRIL 27 2015.........SUNRISE   621 AM PDT   SUNSET   809 PM PDT


-  INDICATES NEGATIVE NUMBERS.
R  INDICATES RECORD WAS SET OR TIED.
MM INDICATES DATA IS MISSING.
T  INDICATES TRACE AMOUNT.




&&

..........................................................

TOTAL SEASON     NORMAL   % OF NORMAL     LAST SEASON

    30.55         36.29        84            16.94


$$
