000
CDUS44 KSHV 030733
CLIELD


CLIMATE REPORT
NATIONAL WEATHER SERVICE SHREVEPORT, LA
233 AM CDT SUN MAY 3 2015


...................................

...THE EL DORADO CLIMATE SUMMARY FOR MAY 2 2015...

CLIMATE NORMAL PERIOD 1981 TO 2010
CLIMATE RECORD PERIOD 1907 TO 2015


WEATHER ITEM   OBSERVED TIME   RECORD YEAR NORMAL DEPARTURE LAST
                VALUE   (LST)  VALUE       VALUE  FROM      YEAR
                                                  NORMAL
..................................................................
TEMPERATURE (F)
 YESTERDAY
  MAXIMUM         81    413 PM  92    1943  79      2       76
  MINIMUM         48    552 AM  38    1909  56     -8       45
  AVERAGE         65                        68     -3       61

PRECIPITATION (IN)
  YESTERDAY        0.00          3.03 1973   0.16  -0.16     0.00
  MONTH TO DATE    0.00                      0.31  -0.31     0.00
  SINCE DEC 1     19.40                     23.42  -4.02    20.77
  SINCE JAN 1     16.07                     18.24  -2.17    14.21

SNOWFALL (IN)
  YESTERDAY        0.0
  MONTH TO DATE    0.0
  SINCE MAR 1      0.7
  SINCE JUL 1      0.7
  SNOW DEPTH       0

DEGREE DAYS
 HEATING
  YESTERDAY        0                         1     -1        4
  MONTH TO DATE    0                         3     -3       15
  SINCE MAR 1    427                       429     -2      618
  SINCE JUL 1   2913                      2657    256     3225

 COOLING
  YESTERDAY        0                         4     -4        0
  MONTH TO DATE    0                         8     -8        0
  SINCE MAR 1    101                       101      0       57
  SINCE JAN 1    101                       107     -6       57
..................................................................


WIND (MPH)
  HIGHEST WIND SPEED     9   HIGHEST WIND DIRECTION     S (200)
  HIGHEST GUST SPEED    14   HIGHEST GUST DIRECTION    SE (140)
  AVERAGE WIND SPEED     1.7


SKY COVER
  POSSIBLE SUNSHINE  MM
  AVERAGE SKY COVER 0.1


WEATHER CONDITIONS
 THE FOLLOWING WEATHER WAS RECORDED YESTERDAY.
  NO SIGNIFICANT WEATHER WAS OBSERVED.


RELATIVE HUMIDITY (PERCENT)
 HIGHEST    93           600 AM
 LOWEST     31          1200 PM
 AVERAGE    62

..........................................................


THE EL DORADO CLIMATE NORMALS FOR TODAY
                         NORMAL    RECORD    YEAR
 MAXIMUM TEMPERATURE (F)   79        93      1952
 MINIMUM TEMPERATURE (F)   56        37      1960


SUNRISE AND SUNSET
MAY  3 2015...........SUNRISE   622 AM CDT   SUNSET   755 PM CDT
MAY  4 2015...........SUNRISE   621 AM CDT   SUNSET   756 PM CDT


-  INDICATES NEGATIVE NUMBERS.
R  INDICATES RECORD WAS SET OR TIED.
MM INDICATES DATA IS MISSING.
T  INDICATES TRACE AMOUNT.




$$
