000
CDUS43 KTOP 260638
CLIEMP


CLIMATE REPORT
NATIONAL WEATHER SERVICE TOPEKA KS
137 AM CDT SUN APR 26 2015


...................................

...THE EMPORIA KS CLIMATE SUMMARY FOR APRIL 25 2015...

CLIMATE NORMAL PERIOD 1981 TO 2010
CLIMATE RECORD PERIOD 9999 TO 9999


WEATHER ITEM   OBSERVED NORMAL DEPARTURE LAST
                VALUE   VALUE  FROM      YEAR
                               NORMAL
...............................................
TEMPERATURE (F)
 YESTERDAY
  MAXIMUM         67     71     -4       81
  MINIMUM         50     47      3       46
  AVERAGE         59     59      0       64

PRECIPITATION (IN)
  YESTERDAY        0.37   0.14   0.23     0.00
  MONTH TO DATE    4.31   2.57   1.74     1.03
  SINCE MAR 1      4.89   5.10  -0.21     1.44
  SINCE JAN 1      6.29   6.96  -0.67     1.93

DEGREE DAYS
 HEATING
  YESTERDAY        6      7     -1        1
  MONTH TO DATE  190    267    -77      268
  SINCE MAR 1    721    877   -156     1007
  SINCE JUL 1   4722   4699     23     5332

 COOLING
  YESTERDAY        0      1     -1        0
  MONTH TO DATE    5     19    -14       10
  SINCE MAR 1      6     21    -15       10
  SINCE JAN 1      6     21    -15       10
...............................................


WIND (MPH)
  HIGHEST WIND SPEED    23   HIGHEST WIND DIRECTION     W (290)
  HIGHEST GUST SPEED    30   HIGHEST GUST DIRECTION    NW (300)
  AVERAGE WIND SPEED    12.4


SKY COVER
  AVERAGE SKY COVER 0.7


WEATHER CONDITIONS
 THE FOLLOWING WEATHER WAS RECORDED YESTERDAY.
  THUNDERSTORM
  HEAVY RAIN
  RAIN
  LIGHT RAIN
  FOG


RELATIVE HUMIDITY (PERCENT)
 HIGHEST   100
 LOWEST     67
 AVERAGE    84

..........................................................


THE EMPORIA KS CLIMATE NORMALS FOR TODAY
                         NORMAL
 MAXIMUM TEMPERATURE (F)   71
 MINIMUM TEMPERATURE (F)   48


SUNRISE AND SUNSET
APRIL 26 2015.........SUNRISE   634 AM CDT   SUNSET   811 PM CDT
APRIL 27 2015.........SUNRISE   633 AM CDT   SUNSET   812 PM CDT


-  INDICATES NEGATIVE NUMBERS.
R  INDICATES RECORD WAS SET OR TIED.
MM INDICATES DATA IS MISSING.
T  INDICATES TRACE AMOUNT.




$$
