000
CDUS46 KPQR 062322
CLIEUG


CLIMATE REPORT
NATIONAL WEATHER SERVICE PORTLAND OREGON
421 PM PDT WED MAY 6 2015


...................................

...THE EUGENE OR CLIMATE SUMMARY FOR MAY 6 2015...
VALID TODAY AS OF 0400 PM LOCAL TIME.

CLIMATE NORMAL PERIOD 1981 TO 2010
CLIMATE RECORD PERIOD 1892 TO 2015


WEATHER ITEM   OBSERVED TIME   RECORD YEAR NORMAL DEPARTURE LAST
                VALUE   (LST)  VALUE       VALUE  FROM      YEAR
                                                  NORMAL
..................................................................
TEMPERATURE (F)
 TODAY
  MAXIMUM         63    226 PM  85    1992  65     -2       66
                                      1987
  MINIMUM         36    428 AM  31    1984  42     -6       38
  AVERAGE         50                        54     -4       52

PRECIPITATION (IN)
  TODAY            0.01          1.38 1963   0.09  -0.08     0.00
  MONTH TO DATE    0.02                      0.54  -0.52     0.35
  SINCE OCT 1     28.26                     39.96 -11.70    24.05
  SINCE JAN 1     11.21                     21.16  -9.95    19.86

SNOWFALL (IN)
  TODAY           MM
  MONTH TO DATE    0.0
  SINCE MAR 1      0.0
  SINCE JUL 1      0.0

DEGREE DAYS
 HEATING
  TODAY           15                        12      3       13
  MONTH TO DATE   67                        72     -5       48
  SINCE MAR 1    950                      1087   -137      909
  SINCE JUL 1   3512                      4414   -902     4476

 COOLING
  TODAY            0                         0      0        0
  MONTH TO DATE    0                         0      0        2
  SINCE MAR 1      0                         0      0        2
  SINCE JAN 1      0                         0      0        2
..................................................................


WIND (MPH)
  HIGHEST WIND SPEED    14   HIGHEST WIND DIRECTION    NW (320)
  HIGHEST GUST SPEED    18   HIGHEST GUST DIRECTION     N (360)
  AVERAGE WIND SPEED     3.5


SKY COVER
  POSSIBLE SUNSHINE  MM
  AVERAGE SKY COVER 0.6


WEATHER CONDITIONS
 THE FOLLOWING WEATHER WAS RECORDED TODAY.
  LIGHT RAIN


RELATIVE HUMIDITY (PERCENT)
 HIGHEST    92           500 AM
 LOWEST     47           300 PM
 AVERAGE    70

..........................................................


THE EUGENE OR CLIMATE NORMALS FOR TOMORROW
                         NORMAL    RECORD    YEAR
 MAXIMUM TEMPERATURE (F)   65        90      1987
 MINIMUM TEMPERATURE (F)   42        32      1913


SUNRISE AND SUNSET
MAY  6 2015...........SUNRISE   558 AM PDT   SUNSET   822 PM PDT
MAY  7 2015...........SUNRISE   556 AM PDT   SUNSET   823 PM PDT


-  INDICATES NEGATIVE NUMBERS.
R  INDICATES RECORD WAS SET OR TIED.
MM INDICATES DATA IS MISSING.
T  INDICATES TRACE AMOUNT.




$$
