000
CDUS42 KMHX 180540
CLIEWN


CLIMATE REPORT
NATIONAL WEATHER SERVICE NEWPORT/MOREHEAD CITY NC
132 AM EDT SAT APR 18 2015


...................................

...THE NEW BERN NC CLIMATE SUMMARY FOR APRIL 17 2015...

CLIMATE NORMAL PERIOD 1981 TO 2010
CLIMATE RECORD PERIOD 1948 TO 2015


WEATHER ITEM   OBSERVED TIME   RECORD YEAR NORMAL DEPARTURE LAST
                VALUE   (LST)  VALUE       VALUE  FROM      YEAR
                                                  NORMAL
..................................................................
TEMPERATURE (F)
 YESTERDAY
  MAXIMUM         77    515 PM  91    1976  74      3       65
  MINIMUM         58    237 AM  34    2009  51      7       41
                                      1962
  AVERAGE         68                        62      6       53

PRECIPITATION (IN)
  YESTERDAY        T             0.37 1967   0.10  -0.10     0.00
  MONTH TO DATE    1.02                      1.77  -0.75     1.44
  SINCE MAR 1      4.58                      6.16  -1.58     6.04
  SINCE JAN 1     12.95                     13.84  -0.89    12.57

SNOWFALL (IN)
  YESTERDAY        0.0
  MONTH TO DATE    0.0
  SINCE NOV 1      3.0
  SINCE JUL 1      3.0
  SNOW DEPTH       0

DEGREE DAYS
 HEATING
  YESTERDAY        0                         5     -5       12
  MONTH TO DATE   50                       107    -57       57
  SINCE MAR 1    402                       476    -74      515
  SINCE JUL 1   2645                      2622     23     2589

 COOLING
  YESTERDAY        3                         2      1        0
  MONTH TO DATE   43                        24     19       43
  SINCE MAR 1     66                        35     31       46
  SINCE JAN 1     73                        38     35       51
..................................................................


WIND (MPH)
  HIGHEST WIND SPEED     9   HIGHEST WIND DIRECTION     S (180)
  HIGHEST GUST SPEED    12   HIGHEST GUST DIRECTION    SE (130)
  AVERAGE WIND SPEED     2.9


SKY COVER
  POSSIBLE SUNSHINE  MM
  AVERAGE SKY COVER 0.6


WEATHER CONDITIONS
 THE FOLLOWING WEATHER WAS RECORDED YESTERDAY.
  LIGHT RAIN
  FOG


RELATIVE HUMIDITY (PERCENT)
 HIGHEST    97           500 AM
 LOWEST     64          1200 PM
 AVERAGE    81

..........................................................


THE NEW BERN NC CLIMATE NORMALS FOR TODAY
                         NORMAL    RECORD    YEAR
 MAXIMUM TEMPERATURE (F)   74        90      2002
                                             1981
 MINIMUM TEMPERATURE (F)   51        32      2001


SUNRISE AND SUNSET
APRIL 18 2015.........SUNRISE   633 AM EDT   SUNSET   743 PM EDT
APRIL 19 2015.........SUNRISE   631 AM EDT   SUNSET   744 PM EDT


-  INDICATES NEGATIVE NUMBERS.
R  INDICATES RECORD WAS SET OR TIED.
MM INDICATES DATA IS MISSING.
T  INDICATES TRACE AMOUNT.




$$
