000
CDUS43 KIND 210532
CLIEYE


CLIMATE REPORT
NATIONAL WEATHER SERVICE INDIANAPOLIS IN
131 AM EDT TUE APR 21 2015


...................................

...THE INDIANAPOLIS EAGLE CREEK IN CLIMATE SUMMARY FOR APRIL 20 2015...

CLIMATE NORMAL PERIOD 1981 TO 2010
CLIMATE RECORD PERIOD 9999 TO 9999


WEATHER ITEM   OBSERVED TIME   NORMAL DEPARTURE LAST
                VALUE   (LST)  VALUE  FROM      YEAR
                                      NORMAL
......................................................
TEMPERATURE (F)
 YESTERDAY
  MAXIMUM         58    521 AM  64     -6       75
  MINIMUM         45   1159 PM  45      0       41
  AVERAGE         52            55     -3       58

PRECIPITATION (IN)
  YESTERDAY        0.14          0.12   0.02     0.00
  MONTH TO DATE    4.35          2.34   2.01     4.53
  SINCE MAR 1      7.42          5.64   1.78     5.51
  SINCE JAN 1      9.90          9.98  -0.08     9.89

DEGREE DAYS
 HEATING
  YESTERDAY       13            11      2        7
  MONTH TO DATE  172           277   -105      281
  SINCE MAR 1    989           977     12     1178
  SINCE JUL 1   5675          5102    573     6004

 COOLING
  YESTERDAY        0             1     -1        0
  MONTH TO DATE    4            10     -6        5
  SINCE MAR 1      4            11     -7        5
  SINCE JAN 1      4            11     -7        5
......................................................


WIND (MPH)
  HIGHEST WIND SPEED    28   HIGHEST WIND DIRECTION     W (280)
  HIGHEST GUST SPEED    39   HIGHEST GUST DIRECTION     W (280)
  AVERAGE WIND SPEED    12.0


SKY COVER
  AVERAGE SKY COVER 0.9


WEATHER CONDITIONS
 THE FOLLOWING WEATHER WAS RECORDED YESTERDAY.
  RAIN
  LIGHT RAIN
  FOG


RELATIVE HUMIDITY (PERCENT)
 HIGHEST    93           400 AM
 LOWEST     54           500 PM
 AVERAGE    74

..........................................................


THE INDIANAPOLIS EAGLE CREEK IN CLIMATE NORMALS FOR TODAY
                         NORMAL
 MAXIMUM TEMPERATURE (F)   65
 MINIMUM TEMPERATURE (F)   45


SUNRISE AND SUNSET
APRIL 21 2015.........SUNRISE   659 AM EDT   SUNSET   829 PM EDT
APRIL 22 2015.........SUNRISE   658 AM EDT   SUNSET   830 PM EDT


-  INDICATES NEGATIVE NUMBERS.
R  INDICATES RECORD WAS SET OR TIED.
MM INDICATES DATA IS MISSING.
T  INDICATES TRACE AMOUNT.




$$
