000
CDUS43 KLMK 060626
CLIFFT


CLIMATE REPORT
NATIONAL WEATHER SERVICE LOUISVILLE KY
226 AM EDT WED MAY 6 2015


...................................

...THE FRANKFORT KY CLIMATE SUMMARY FOR MAY 5 2015...

CLIMATE NORMAL PERIOD 1981 TO 2010
CLIMATE RECORD PERIOD 1895 TO 2015


WEATHER ITEM   OBSERVED TIME   RECORD YEAR NORMAL DEPARTURE LAST
                VALUE   (LST)  VALUE       VALUE  FROM      YEAR
                                                  NORMAL
..................................................................
TEMPERATURE (F)
 YESTERDAY
  MAXIMUM         82    517 PM  90    1949  73      9       85
  MINIMUM         56    545 AM  32    2011  49      7       49
  AVERAGE         69                        61      8       67

PRECIPITATION (IN)
  YESTERDAY        0.00          2.06 1958   0.17  -0.17     0.00
  MONTH TO DATE    0.00                      0.82  -0.82     0.00
  SINCE MAR 1     18.92                      8.89  10.03     8.83
  SINCE JAN 1     22.48                     15.44   7.04    15.03

SNOWFALL (IN)
  YESTERDAY       MM            MM      MM  MM     MM       MM
  MONTH TO DATE   MM                        MM     MM       MM
  SINCE MAR 1     MM                        MM     MM       MM
  SINCE JUL 1     MM                        MM     MM       MM
  SNOW DEPTH      MM

DEGREE DAYS
 HEATING
  YESTERDAY        0                         5     -5        0
  MONTH TO DATE   16                        28    -12       38
  SINCE MAR 1    961                       967     -6     1040
  SINCE JUL 1   5081                      4606    475     5152

 COOLING
  YESTERDAY        4                         1      3        2
  MONTH TO DATE    7                         5      2        2
  SINCE MAR 1     15                        25    -10       10
  SINCE JAN 1     15                        25    -10       10
..................................................................


WIND (MPH)
  HIGHEST WIND SPEED    13   HIGHEST WIND DIRECTION    SW (220)
  HIGHEST GUST SPEED    16   HIGHEST GUST DIRECTION     W (260)
  AVERAGE WIND SPEED     3.4


SKY COVER
  POSSIBLE SUNSHINE  MM
  AVERAGE SKY COVER 0.2


WEATHER CONDITIONS
 THE FOLLOWING WEATHER WAS RECORDED YESTERDAY.
  FOG
  HAZE


RELATIVE HUMIDITY (PERCENT)
 HIGHEST    86           400 AM
 LOWEST     36           600 PM
 AVERAGE    61

..........................................................


THE FRANKFORT KY CLIMATE NORMALS FOR TODAY
                         NORMAL    RECORD    YEAR
 MAXIMUM TEMPERATURE (F)   73        92      1949
 MINIMUM TEMPERATURE (F)   50        33      1957
                                             1954


SUNRISE AND SUNSET
MAY  6 2015...........SUNRISE   638 AM EDT   SUNSET   835 PM EDT
MAY  7 2015...........SUNRISE   637 AM EDT   SUNSET   836 PM EDT


-  INDICATES NEGATIVE NUMBERS.
R  INDICATES RECORD WAS SET OR TIED.
MM INDICATES DATA IS MISSING.
T  INDICATES TRACE AMOUNT.




$$
