000
CDUS43 KFGF 010635
CLIFGF


CLIMATE REPORT
NATIONAL WEATHER SERVICE EASTERN NORTH DAKOTA/GRAND FORKS
134 AM CDT WED APR 1 2015


...................................

...THE GRAND FORKS UNIV. (NWS) ND CLIMATE SUMMARY FOR MARCH 31 2015...

CLIMATE NORMAL PERIOD 1981 TO 2010
CLIMATE RECORD PERIOD 1890 TO 2015


WEATHER ITEM   OBSERVED TIME   RECORD YEAR NORMAL DEPARTURE LAST
                VALUE   (LST)  VALUE       VALUE  FROM      YEAR
                                                  NORMAL
..................................................................
TEMPERATURE (F)
 YESTERDAY
  MAXIMUM         62        MM  80    1963  44     18       21
  MINIMUM         31        MM  -4    1969  25      6       13
  AVERAGE         47                        34     13       17

PRECIPITATION (IN)
  YESTERDAY        0.00          1.17 2001   0.03  -0.03     0.67
  MONTH TO DATE    0.34                      1.02  -0.68     1.11
  SINCE MAR 1      0.34                      1.02  -0.68     1.11
  SINCE JAN 1      0.87                      2.32  -1.45     1.84

SNOWFALL (IN)
  YESTERDAY        0.0          11.5  2014   0.1   -0.1     11.5
  MONTH TO DATE    2.7                       6.4   -3.7     13.5
  SINCE MAR 1      2.7                       6.4   -3.7     13.5
  SINCE JUL 1     19.0                      41.7  -22.7     59.2
  SNOW DEPTH       0

DEGREE DAYS
 HEATING
  YESTERDAY       18                        31    -13       48
  MONTH TO DATE 1027                      1206   -179     1436
  SINCE MAR 1   1027                      1206   -179     1436
  SINCE JUL 1   7876                      8166   -290     9182

 COOLING
  YESTERDAY        0                         0      0        0
  MONTH TO DATE    0                         0      0        0
  SINCE MAR 1      0                         0      0        0
  SINCE JAN 1      0                         0      0        0
..................................................................


WIND (MPH)
  RESULTANT WIND SPEED  MM   RESULTANT WIND DIRECTION  MM
  HIGHEST WIND SPEED    MM   HIGHEST WIND DIRECTION    MM
  HIGHEST GUST SPEED    MM   HIGHEST GUST DIRECTION    MM
  AVERAGE WIND SPEED    MM


SKY COVER
  POSSIBLE SUNSHINE  MM
  AVERAGE SKY COVER  MM


WEATHER CONDITIONS
 THE FOLLOWING WEATHER WAS RECORDED YESTERDAY.
  NO SIGNIFICANT WEATHER WAS OBSERVED.


RELATIVE HUMIDITY (PERCENT)
 HIGHEST    MM
 LOWEST     MM
 AVERAGE    MM

..........................................................


THE GRAND FORKS UNIV. (NWS) ND CLIMATE NORMALS FOR TODAY
                         NORMAL    RECORD    YEAR
 MAXIMUM TEMPERATURE (F)   45        72      2012
 MINIMUM TEMPERATURE (F)   25        -6      1975


SUNRISE AND SUNSET
APRIL  1 2015.........SUNRISE   707 AM CDT   SUNSET   758 PM CDT
APRIL  2 2015.........SUNRISE   705 AM CDT   SUNSET   800 PM CDT


-  INDICATES NEGATIVE NUMBERS.
R  INDICATES RECORD WAS SET OR TIED.
MM INDICATES DATA IS MISSING.
T  INDICATES TRACE AMOUNT.




$$
