000
CDUS43 KDTX 020539
CLIFNT


CLIMATE REPORT
NATIONAL WEATHER SERVICE DETROIT/PONTIAC MI
139 AM EDT THU APR 2 2015


...................................

...THE FLINT MI CLIMATE SUMMARY FOR APRIL 1 2015...

CLIMATE NORMAL PERIOD 1981 TO 2010
CLIMATE RECORD PERIOD 1921 TO 2015


WEATHER ITEM   OBSERVED TIME   RECORD YEAR NORMAL DEPARTURE LAST
                VALUE   (LST)  VALUE       VALUE  FROM      YEAR
                                                  NORMAL
..................................................................
TEMPERATURE (F)
 YESTERDAY
  MAXIMUM         62    538 PM  79    2010  51     11       60
  MINIMUM         28    653 AM   7    1923  31     -3       34
  AVERAGE         45                        41      4       47

PRECIPITATION (IN)
  YESTERDAY        0.00          1.14 1929   0.09  -0.09     0.01
  MONTH TO DATE    0.00                      0.09  -0.09     0.01
  SINCE MAR 1      0.92                      2.00  -1.08     1.22
  SINCE JAN 1      3.09                      5.11  -2.02     5.23

SNOWFALL (IN)
  YESTERDAY        0.0           6.2  1993   0.2   -0.2      0.0
  MONTH TO DATE    0.0                       0.2   -0.2      0.0
  SINCE MAR 1      4.5                       6.7   -2.2      9.4
  SINCE JUL 1     45.0                      45.3   -0.3     82.6
  SNOW DEPTH       0

DEGREE DAYS
 HEATING
  YESTERDAY       20                        24     -4       18
  MONTH TO DATE   20                        24     -4       18
  SINCE MAR 1   1010                       981     29     1222
  SINCE JUL 1   6318                      6069    249     6743

 COOLING
  YESTERDAY        0                         0      0        0
  MONTH TO DATE    0                         0      0        0
  SINCE MAR 1      0                         0      0        0
  SINCE JAN 1      0                         0      0        0
..................................................................


WIND (MPH)
  HIGHEST WIND SPEED    15   HIGHEST WIND DIRECTION    SE (150)
  HIGHEST GUST SPEED    19   HIGHEST GUST DIRECTION     S (170)
  AVERAGE WIND SPEED     4.6


SKY COVER
  POSSIBLE SUNSHINE  MM
  AVERAGE SKY COVER 0.1


WEATHER CONDITIONS
 THE FOLLOWING WEATHER WAS RECORDED YESTERDAY.
  FOG
  HAZE


RELATIVE HUMIDITY (PERCENT)
 HIGHEST   100           700 AM
 LOWEST     27           500 PM
 AVERAGE    64

..........................................................


THE FLINT MI CLIMATE NORMALS FOR TODAY
                         NORMAL    RECORD    YEAR
 MAXIMUM TEMPERATURE (F)   51        82      1963
 MINIMUM TEMPERATURE (F)   31        16      1924


SUNRISE AND SUNSET
APRIL  2 2015.........SUNRISE   716 AM EDT   SUNSET   802 PM EDT
APRIL  3 2015.........SUNRISE   714 AM EDT   SUNSET   803 PM EDT


-  INDICATES NEGATIVE NUMBERS.
R  INDICATES RECORD WAS SET OR TIED.
MM INDICATES DATA IS MISSING.
T  INDICATES TRACE AMOUNT.




$$
