000
CDUS46 KSGX 261421
CLIFUL


CLIMATE REPORT
NATIONAL WEATHER SERVICE SAN DIEGO, CA
721 AM PDT SUN APR 26 2015


...................................

...THE FULLERTON AIRPORT CA CLIMATE SUMMARY FOR APRIL 25 2015...

CLIMATE NORMAL PERIOD 1981 TO 2010
CLIMATE RECORD PERIOD 1998 TO 2015


WEATHER ITEM   OBSERVED TIME   RECORD YEAR NORMAL DEPARTURE LAST
                VALUE   (LST)  VALUE       VALUE  FROM      YEAR
                                                  NORMAL
..................................................................
TEMPERATURE (F)
 YESTERDAY
  MAXIMUM         67    444 PM  93    2004  74     -7       71
  MINIMUM         55   1150 PM  50    2009  54      1       54
  AVERAGE         61                        64     -3       63

PRECIPITATION (IN)
  YESTERDAY        0.01          0.20 2014   0.03  -0.02     0.20
  MONTH TO DATE    0.22                      0.74  -0.52     0.42
  SINCE OCT 1      5.55                     13.08  -7.53     4.77
  SINCE JAN 1      1.73                      9.18  -7.45     3.46

SNOWFALL (IN)
  YESTERDAY        0.0
  MONTH TO DATE    0.0
  SINCE MAR 1      0.0
  SINCE JUL 1      0.0
  SNOW DEPTH       0

DEGREE DAYS
 HEATING
  YESTERDAY        4                         3      1        2
  MONTH TO DATE   30                        92    -62       33
  SINCE MAR 1     63                       262   -199       86
  SINCE JUL 1    426                      1184   -758      584

 COOLING
  YESTERDAY        0                         2     -2        0
  MONTH TO DATE   43                        23     20       60
  SINCE MAR 1    193                        36    157       95
  SINCE JAN 1    244                        45    199      115
..................................................................


WIND (MPH)
  RESULTANT WIND SPEED   4   RESULTANT WIND DIRECTION  SW (240)
  HIGHEST WIND SPEED    15   HIGHEST WIND DIRECTION     W (270)
  HIGHEST GUST SPEED    26   HIGHEST GUST DIRECTION     W (270)
  AVERAGE WIND SPEED     5.9


SKY COVER
  POSSIBLE SUNSHINE  MM
  AVERAGE SKY COVER 0.8


WEATHER CONDITIONS
 THE FOLLOWING WEATHER WAS RECORDED YESTERDAY.
  LIGHT RAIN
  FOG


RELATIVE HUMIDITY (PERCENT)
 HIGHEST    78           300 PM
 LOWEST     52          1100 AM
 AVERAGE    65

..........................................................


THE FULLERTON AIRPORT CA CLIMATE NORMALS FOR TODAY
                         NORMAL    RECORD    YEAR
 MAXIMUM TEMPERATURE (F)   74       101      2004
 MINIMUM TEMPERATURE (F)   54        49      2009


SUNRISE AND SUNSET
APRIL 26 2015.........SUNRISE   608 AM PDT   SUNSET   731 PM PDT
APRIL 27 2015.........SUNRISE   607 AM PDT   SUNSET   732 PM PDT


-  INDICATES NEGATIVE NUMBERS.
R  INDICATES RECORD WAS SET OR TIED.
MM INDICATES DATA IS MISSING.
T  INDICATES TRACE AMOUNT.




$$
