000
CDUS43 KIWX 180530
CLIFWA


CLIMATE REPORT
NATIONAL WEATHER SERVICE NORTHERN INDIANA
130 AM EDT SAT APR 18 2015


...................................

...THE FORT WAYNE CLIMATE SUMMARY FOR APRIL 17 2015...

CLIMATE NORMAL PERIOD 1981 TO 2010
CLIMATE RECORD PERIOD 1897 TO 2015


WEATHER ITEM   OBSERVED TIME   RECORD YEAR NORMAL DEPARTURE LAST
                VALUE   (LST)  VALUE       VALUE  FROM      YEAR
                                                  NORMAL
..................................................................
TEMPERATURE (F)
 YESTERDAY
  MAXIMUM         77    452 PM  85    2002  62     15       67
  MINIMUM         43    639 AM  20    1904  39      4       28
  AVERAGE         60                        51      9       48

PRECIPITATION (IN)
  YESTERDAY        0.00          2.56 1963   0.12  -0.12     0.00
  MONTH TO DATE    1.51                      2.04  -0.53     3.05
  SINCE MAR 1      3.58                      4.75  -1.17     4.95
  SINCE JAN 1      7.35                      9.05  -1.70    11.19

SNOWFALL (IN)
  YESTERDAY        0.0           1.8  1949   0.0    0.0      0.0
  MONTH TO DATE    0.0                       0.8   -0.8      1.1
  SINCE MAR 1      8.6                       4.9    3.7     14.3
  SINCE JUL 1     45.1                      33.3   11.8     76.1
  SNOW DEPTH       0

DEGREE DAYS
 HEATING
  YESTERDAY        5                        15    -10       17
  MONTH TO DATE  214                       299    -85      296
  SINCE MAR 1   1175                      1125     50     1363
  SINCE JUL 1   6324                      5723    601     6616

 COOLING
  YESTERDAY        0                         0      0        0
  MONTH TO DATE    0                         0      0        1
  SINCE MAR 1      0                         0      0        1
  SINCE JAN 1      0                         0      0        1
..................................................................


WIND (MPH)
  HIGHEST WIND SPEED    12   HIGHEST WIND DIRECTION     W (260)
  HIGHEST GUST SPEED    14   HIGHEST GUST DIRECTION     W (250)
  AVERAGE WIND SPEED     4.0


SKY COVER
  AVERAGE SKY COVER 0.5


WEATHER CONDITIONS
 THE FOLLOWING WEATHER WAS RECORDED YESTERDAY.
  FOG


RELATIVE HUMIDITY (PERCENT)
 HIGHEST   100          1200 AM
 LOWEST     29           400 PM
 AVERAGE    65

..........................................................


THE FORT WAYNE CLIMATE NORMALS FOR TODAY
                         NORMAL    RECORD    YEAR
 MAXIMUM TEMPERATURE (F)   62        87      2002
 MINIMUM TEMPERATURE (F)   40        23      1990


SUNRISE AND SUNSET
APRIL 18 2015.........SUNRISE   658 AM EDT   SUNSET   824 PM EDT
APRIL 19 2015.........SUNRISE   656 AM EDT   SUNSET   825 PM EDT


-  INDICATES NEGATIVE NUMBERS.
R  INDICATES RECORD WAS SET OR TIED.
MM INDICATES DATA IS MISSING.
T  INDICATES TRACE AMOUNT.




$$
