000
CDUS44 KTSA 210814
CLIFYV

CLIMATE REPORT
NATIONAL WEATHER SERVICE TULSA OK
314 AM CDT TUE APR 21 2015


...................................

...THE FAYETTEVILLE ARKANSAS CLIMATE SUMMARY FOR APRIL 20 2015...

CLIMATE NORMAL PERIOD 1981 TO 2010
CLIMATE RECORD PERIOD 1905 TO 2015


WEATHER ITEM   OBSERVED TIME   RECORD YEAR NORMAL DEPARTURE LAST
                VALUE   (LST)  VALUE       VALUE  FROM      YEAR
                                                  NORMAL
..................................................................
TEMPERATURE (F)
 YESTERDAY
  MAXIMUM         59    426 PM  89    1987  70    -11       75
  MINIMUM         39   1159 PM  26    1953  46     -7       48
  AVERAGE         49                        58     -9       62

PRECIPITATION (IN)
  YESTERDAY        0.00                      0.16  -0.16      T
  MONTH TO DATE    2.40                      2.89  -0.49     2.05
  SINCE MAR 1      7.03                      6.84   0.19     7.63
  SINCE JAN 1     10.09                     12.49  -2.40    10.11

SNOWFALL (IN)
  YESTERDAY        0.0                                       0.0
  MONTH TO DATE    0.0                                       0.0
  SINCE MAR 1      2.6                                       3.8
  SINCE JUL 1      7.9                                      17.9

DEGREE DAYS
 HEATING
  YESTERDAY       16                         8      8        3
  MONTH TO DATE  118                       205    -87      223
  SINCE MAR 1    644                       731    -87      883
  SINCE JUL 1   4130                      4034     96     4603

 COOLING
  YESTERDAY        0                         1     -1        0
  MONTH TO DATE   20                        17      3        9
  SINCE MAR 1     20                        21     -1        9
  SINCE JAN 1     20                        21     -1        9
..................................................................


WIND (MPH)
  HIGHEST WIND SPEED    23   HIGHEST WIND DIRECTION    NW (330)
  HIGHEST GUST SPEED    40   HIGHEST GUST DIRECTION    SW (220)
  AVERAGE WIND SPEED     9.9


SKY COVER
  POSSIBLE SUNSHINE  MM
  AVERAGE SKY COVER 0.2


WEATHER CONDITIONS
 THE FOLLOWING WEATHER WAS RECORDED YESTERDAY.
  NO SIGNIFICANT WEATHER WAS OBSERVED.


RELATIVE HUMIDITY (PERCENT)
 HIGHEST    89           900 PM
 LOWEST     37           200 PM
 AVERAGE    63

..........................................................


THE FAYETTEVILLE ARKANSAS CLIMATE NORMALS FOR TODAY
                         NORMAL    RECORD    YEAR
 MAXIMUM TEMPERATURE (F)   71        87      1963
 MINIMUM TEMPERATURE (F)   46        29      1966


SUNRISE AND SUNSET
APRIL 21 2015.........SUNRISE   636 AM CDT   SUNSET   755 PM CDT
APRIL 22 2015.........SUNRISE   635 AM CDT   SUNSET   756 PM CDT


-  INDICATES NEGATIVE NUMBERS.
R  INDICATES RECORD WAS SET OR TIED.
MM INDICATES DATA IS MISSING.
T  INDICATES TRACE AMOUNT.




$$
