000
CDUS46 KOTX 062332
CLIGEG


CLIMATE REPORT
NATIONAL WEATHER SERVICE SPOKANE, WA
432 PM PDT WED MAY 6 2015


...................................

...THE SPOKANE WA AIRPORT CLIMATE SUMMARY FOR MAY 6 2015...
VALID AS OF 0400 PM LOCAL TIME.

CLIMATE NORMAL PERIOD 1981 TO 2010
CLIMATE RECORD PERIOD 1881 TO 2015


WEATHER ITEM   OBSERVED TIME   RECORD YEAR NORMAL DEPARTURE LAST
                VALUE   (LST)  VALUE       VALUE  FROM      YEAR
                                                  NORMAL
..................................................................
TEMPERATURE (F)
 TODAY
  MAXIMUM         61    212 PM  89    1992  64     -3       61
  MINIMUM         37    552 AM  26    1965  41     -4       42
  AVERAGE         49                        52     -3       52

PRECIPITATION (IN)
  TODAY            0.00          0.50 1897   0.04  -0.04      T
  MONTH TO DATE    T                         0.24  -0.24     0.08
  SINCE OCT 1     10.64                     12.03  -1.39     9.25
  SINCE JAN 1      5.91                      6.25  -0.34     6.92

SNOWFALL (IN)
  TODAY            0.0           0.8  1984   0.0    0.0      0.0
  MONTH TO DATE    0.0                       0.0    0.0      0.0
  SINCE MAR 1      1.9                       4.5   -2.6      5.8
  SINCE JUL 1     17.6                      44.8  -27.2     37.6
  SNOW DEPTH       0

DEGREE DAYS
 HEATING
  TODAY           16                        13      3       13
  MONTH TO DATE   62                        82    -20       48
  SINCE MAR 1   1178                      1389   -211     1365
  SINCE JUL 1   5300                      6218   -918     6408

 COOLING
  TODAY            0                         0      0        0
  MONTH TO DATE    0                         0      0        0
  SINCE MAR 1      0                         0      0        0
  SINCE JAN 1      0                         0      0        0
..................................................................


WIND (MPH)
  HIGHEST WIND SPEED    13   HIGHEST WIND DIRECTION    SW (210)
  HIGHEST GUST SPEED    16   HIGHEST GUST DIRECTION    SW (230)
  AVERAGE WIND SPEED     4.2


SKY COVER
  POSSIBLE SUNSHINE  MM
  AVERAGE SKY COVER 0.4


WEATHER CONDITIONS
 THE FOLLOWING WEATHER WAS RECORDED TODAY.
  NO SIGNIFICANT WEATHER WAS OBSERVED.


RELATIVE HUMIDITY (PERCENT)
 HIGHEST    64           600 AM
 LOWEST     26           200 PM
 AVERAGE    45

..........................................................


THE SPOKANE WA AIRPORT CLIMATE NORMALS FOR TOMORROW
                         NORMAL    RECORD    YEAR
 MAXIMUM TEMPERATURE (F)   64        88      1987
                                             1890
 MINIMUM TEMPERATURE (F)   41        28      2002
                                             1984


SUNRISE AND SUNSET
MAY  6 2015...........SUNRISE   525 AM PDT   SUNSET   809 PM PDT
MAY  7 2015...........SUNRISE   524 AM PDT   SUNSET   810 PM PDT


-  INDICATES NEGATIVE NUMBERS.
R  INDICATES RECORD WAS SET OR TIED.
MM INDICATES DATA IS MISSING.
T  INDICATES TRACE AMOUNT.




$$
