000
CDUS44 KSHV 062137
CLIGGG


CLIMATE REPORT
NATIONAL WEATHER SERVICE SHREVEPORT, LA
434 PM CDT WED MAY 6 2015


...................................

...THE LONGVIEW CLIMATE SUMMARY FOR MAY 6 2015...
VALID TODAY AS OF 0400 PM LOCAL TIME.

CLIMATE NORMAL PERIOD 1981 TO 2010
CLIMATE RECORD PERIOD 1902 TO 2015


WEATHER ITEM   OBSERVED TIME   RECORD YEAR NORMAL DEPARTURE LAST
                VALUE   (LST)  VALUE       VALUE  FROM      YEAR
                                                  NORMAL
..................................................................
TEMPERATURE (F)
 TODAY
  MAXIMUM         81    259 PM  94    1938  81      0       86
  MINIMUM         66    518 AM  44    1921  60      6       62
  AVERAGE         74                        70      4       74

PRECIPITATION (IN)
  TODAY            0.04          1.54 1995   0.16  -0.12     0.00
  MONTH TO DATE    0.04                      0.99  -0.95     0.00
  SINCE DEC 1     25.58                     20.41   5.17    13.19
  SINCE JAN 1     23.28                     15.92   7.36     9.04

DEGREE DAYS
 HEATING
  TODAY            0                         1     -1        0
  MONTH TO DATE    0                         6     -6       10
  SINCE MAR 1    309                       351    -42      474
  SINCE JUL 1   2282                      2255     27     2598

 COOLING
  TODAY            9                         6      3        9
  MONTH TO DATE   41                        33      8       26
  SINCE MAR 1    204                       144     60      131
  SINCE JAN 1    204                       156     48      136
..................................................................


WIND (MPH)
  HIGHEST WIND SPEED    18   HIGHEST WIND DIRECTION     S (160)
  HIGHEST GUST SPEED    23   HIGHEST GUST DIRECTION    SE (150)
  AVERAGE WIND SPEED     9.2


SKY COVER
  POSSIBLE SUNSHINE  MM
  AVERAGE SKY COVER 0.5


WEATHER CONDITIONS
 THE FOLLOWING WEATHER WAS RECORDED TODAY.
  LIGHT RAIN


RELATIVE HUMIDITY (PERCENT)
 HIGHEST    87           500 AM
 LOWEST     62          1200 PM
 AVERAGE    75

..........................................................


THE LONGVIEW CLIMATE NORMALS FOR TOMORROW
                         NORMAL    RECORD    YEAR
 MAXIMUM TEMPERATURE (F)   82        97      1940
 MINIMUM TEMPERATURE (F)   60        37      1931


SUNRISE AND SUNSET
MAY  6 2015...........SUNRISE   628 AM CDT   SUNSET   803 PM CDT
MAY  7 2015...........SUNRISE   627 AM CDT   SUNSET   804 PM CDT


-  INDICATES NEGATIVE NUMBERS.
R  INDICATES RECORD WAS SET OR TIED.
MM INDICATES DATA IS MISSING.
T  INDICATES TRACE AMOUNT.




$$
