000
CDUS45 KGGW 191232
CLIGGW


CLIMATE REPORT
NATIONAL WEATHER SERVICE GLASGOW MT
631 AM MDT SUN APR 19 2015


...................................

...THE GLASGOW MT CLIMATE SUMMARY FOR APRIL 19 2015...
VALID AS OF 0600 AM LOCAL TIME.

CLIMATE NORMAL PERIOD 1981 TO 2010
CLIMATE RECORD PERIOD 1893 TO 2015


WEATHER ITEM   OBSERVED TIME   RECORD YEAR NORMAL DEPARTURE LAST
                VALUE   (LST)  VALUE       VALUE  FROM      YEAR
                                                  NORMAL
..................................................................
TEMPERATURE (F)
 TODAY
  MINIMUM         33    400 AM  11    1966  33      0       36
                                      1951

PRECIPITATION (IN)
  TODAY            0.00          0.65 1955   0.03  -0.03      T
  MONTH TO DATE    0.35                      0.45  -0.10     0.19
  SINCE OCT 1      3.42                      3.05   0.37     2.70
  SINCE JAN 1      2.16                      1.50   0.66     1.25

SNOWFALL (IN)
  TODAY            0.0           3.8  1951   0.0    0.0      0.0
  MONTH TO DATE    5.3                       1.4    3.9      0.0
  SINCE MAR 1      8.1                       6.1    2.0      6.6
  SINCE JUL 1     43.2                      33.1   10.1     30.4
  SNOW DEPTH       0

DEGREE DAYS
 HEATING
  TODAY           30                        19     11       15
  MONTH TO DATE  404                       419    -15      482
  SINCE MAR 1   1175                      1453   -278     1636
  SINCE JUL 1   7259                      7823   -564     8284

 COOLING
  TODAY            0                         0      0        0
  MONTH TO DATE    0                         0      0        0
  SINCE MAR 1      0                         0      0        0
  SINCE JAN 1      0                         0      0        0
..................................................................





WEATHER CONDITIONS
 THE FOLLOWING WEATHER WAS RECORDED TODAY.
  NO SIGNIFICANT WEATHER WAS OBSERVED.


RELATIVE HUMIDITY (PERCENT)
 HIGHEST    75           500 AM

..........................................................


THE GLASGOW MT CLIMATE NORMALS FOR TOMORROW
                         NORMAL    RECORD    YEAR
 MAXIMUM TEMPERATURE (F)   60        91      1980
 MINIMUM TEMPERATURE (F)   34        13      1927


SUNRISE AND SUNSET
APRIL 19 2015.........SUNRISE   609 AM MDT   SUNSET   803 PM MDT
APRIL 20 2015.........SUNRISE   608 AM MDT   SUNSET   804 PM MDT


-  INDICATES NEGATIVE NUMBERS.
R  INDICATES RECORD WAS SET OR TIED.
MM INDICATES DATA IS MISSING.
T  INDICATES TRACE AMOUNT.




$$
