000
CDUS45 KMSO 182230
CLIGPI


CLIMATE REPORT
NATIONAL WEATHER SERVICE MISSOULA, MT
430 PM MDT SAT APR 18 2015


...................................

...THE KALISPELL MT CLIMATE SUMMARY FOR APRIL 18 2015...
VALID TODAY AS OF 0400 PM LOCAL TIME.

CLIMATE NORMAL PERIOD 1981 TO 2010
CLIMATE RECORD PERIOD 1894 TO 2015


WEATHER ITEM   OBSERVED TIME   RECORD YEAR NORMAL DEPARTURE LAST
                VALUE   (LST)  VALUE       VALUE  FROM      YEAR
                                                  NORMAL
..................................................................
TEMPERATURE (F)
 TODAY
  MAXIMUM         62    259 PM  85    1936  57      5       49
  MINIMUM         32    548 AM  11    1951  31      1       37
  AVERAGE         47                        44      3       43

PRECIPITATION (IN)
  TODAY            0.00          0.75 1993   0.04  -0.04     0.02
  MONTH TO DATE    0.35                      0.72  -0.37     0.36
  SINCE OCT 1     11.62                      8.11   3.51     9.69
  SINCE JAN 1      5.54                      4.11   1.43     5.24

SNOWFALL (IN)
  TODAY            0.0
  MONTH TO DATE    T
  SINCE JAN 1     32.9
  SINCE JUL 1     59.4
  SNOW DEPTH       0

DEGREE DAYS
 HEATING
  TODAY           18                        21     -3       22
  MONTH TO DATE  417                       409      8      405
  SINCE MAR 1   1212                      1328   -116     1360
  SINCE JUL 1   6662                      7180   -518     7294

 COOLING
  TODAY            0                         0      0        0
  MONTH TO DATE    0                         0      0        0
  SINCE MAR 1      0                         0      0        0
  SINCE JAN 1      0                         0      0        0
..................................................................


WIND (MPH)
  HIGHEST WIND SPEED    21   HIGHEST WIND DIRECTION    NE (40)
  HIGHEST GUST SPEED    26   HIGHEST GUST DIRECTION    NE (40)
  AVERAGE WIND SPEED     6.5


SKY COVER
  POSSIBLE SUNSHINE  MM
  AVERAGE SKY COVER 0.1


WEATHER CONDITIONS
 THE FOLLOWING WEATHER WAS RECORDED TODAY.
  NO SIGNIFICANT WEATHER WAS OBSERVED.


RELATIVE HUMIDITY (PERCENT)
 HIGHEST    89           200 AM
 LOWEST     25           300 PM
 AVERAGE    57

..........................................................


THE KALISPELL MT CLIMATE NORMALS FOR TOMORROW
                         NORMAL    RECORD    YEAR
 MAXIMUM TEMPERATURE (F)   57        79      1962
 MINIMUM TEMPERATURE (F)   32        10      1951


SUNRISE AND SUNSET
APRIL 18 2015.........SUNRISE   642 AM MDT   SUNSET   832 PM MDT
APRIL 19 2015.........SUNRISE   640 AM MDT   SUNSET   834 PM MDT


-  INDICATES NEGATIVE NUMBERS.
R  INDICATES RECORD WAS SET OR TIED.
MM INDICATES DATA IS MISSING.
T  INDICATES TRACE AMOUNT.




$$
