000
CDUS43 KGID 180625
CLIGRI


CLIMATE REPORT
NATIONAL WEATHER SERVICE HASTINGS NE
125 AM CDT SAT APR 18 2015


...................................

...THE GRAND ISLAND NE CLIMATE SUMMARY FOR APRIL 17 2015...

CLIMATE NORMAL PERIOD 1981 TO 2010
CLIMATE RECORD PERIOD 1895 TO 2015


WEATHER ITEM   OBSERVED TIME   RECORD YEAR NORMAL DEPARTURE LAST
                VALUE   (LST)  VALUE       VALUE  FROM      YEAR
                                                  NORMAL
..................................................................
TEMPERATURE (F)
 YESTERDAY
  MAXIMUM         69    356 PM  92    1985  64      5       55
  MINIMUM         53    759 AM  22    1907  38     15       31
  AVERAGE         61                        51     10       43

PRECIPITATION (IN)
  YESTERDAY        0.28          1.20 1900   0.09   0.19     0.00
  MONTH TO DATE    0.86                      1.26  -0.40     0.96
  SINCE MAR 1      1.02                      3.06  -2.04     1.15
  SINCE JAN 1      2.19                      4.27  -2.08     1.80

SNOWFALL (IN)
  YESTERDAY        0.0           5.0  1944   0.1   -0.1      0.0
  MONTH TO DATE    0.8                       1.2   -0.4      1.7
  SINCE MAR 1      1.4                       6.6   -5.2      2.9
  SINCE JUL 1     24.3                      28.7   -4.4     16.4
  SNOW DEPTH       0

DEGREE DAYS
 HEATING
  YESTERDAY        4                        14    -10       22
  MONTH TO DATE  211                       289    -78      297
  SINCE MAR 1    859                      1085   -226     1151
  SINCE JUL 1   5596                      5846   -250     5986

 COOLING
  YESTERDAY        0                         0      0        0
  MONTH TO DATE    4                         0      4        1
  SINCE MAR 1      4                         0      4        1
  SINCE JAN 1      4                         0      4        1
..................................................................


WIND (MPH)
  HIGHEST WIND SPEED    16   HIGHEST WIND DIRECTION     E (100)
  HIGHEST GUST SPEED    20   HIGHEST GUST DIRECTION    SE (120)
  AVERAGE WIND SPEED     8.1


SKY COVER
  AVERAGE SKY COVER 0.7


WEATHER CONDITIONS
 THE FOLLOWING WEATHER WAS RECORDED YESTERDAY.
  THUNDERSTORM
  HEAVY RAIN
  RAIN
  LIGHT RAIN
  FOG
  HAZE


RELATIVE HUMIDITY (PERCENT)
 HIGHEST    93           100 AM
 LOWEST     63           400 PM
 AVERAGE    78

..........................................................


THE GRAND ISLAND NE CLIMATE NORMALS FOR TODAY
                         NORMAL    RECORD    YEAR
 MAXIMUM TEMPERATURE (F)   64        93      1994
                                             1985
 MINIMUM TEMPERATURE (F)   39        17      1953


SUNRISE AND SUNSET
APRIL 18 2015.........SUNRISE   650 AM CDT   SUNSET   816 PM CDT
APRIL 19 2015.........SUNRISE   648 AM CDT   SUNSET   817 PM CDT


-  INDICATES NEGATIVE NUMBERS.
R  INDICATES RECORD WAS SET OR TIED.
MM INDICATES DATA IS MISSING.
T  INDICATES TRACE AMOUNT.




$$
