000
CDUS42 KRAH 242056
CLIGSO


CLIMATE REPORT
NATIONAL WEATHER SERVICE RALEIGH NC
454 PM EDT FRI APR 24 2015


...................................

...THE PIEDMONT TRIAD INTL AIRPORT NC CLIMATE SUMMARY FOR APRIL 24 2015...
VALID TODAY AS OF 0450 PM LOCAL TIME.

CLIMATE NORMAL PERIOD 1981 TO 2010
CLIMATE RECORD PERIOD 1903 TO 2015


WEATHER ITEM   OBSERVED TIME   RECORD YEAR NORMAL DEPARTURE LAST
                VALUE   (LST)  VALUE       VALUE  FROM      YEAR
                                                  NORMAL
..................................................................
TEMPERATURE (F)
 TODAY
  MAXIMUM         68    328 PM  94    1925  73     -5       71
  MINIMUM         39    523 AM  27    1986  50    -11       41
  AVERAGE         54                        61     -7       56

PRECIPITATION (IN)
  TODAY            0.00          1.65 1987   0.12  -0.12     0.00
  MONTH TO DATE    2.33                      2.89  -0.56     3.91
  SINCE MAR 1      5.05                      6.62  -1.57     8.27
  SINCE JAN 1      9.73                     12.64  -2.91    14.49

SNOWFALL (IN)
  TODAY            0.0           T    1955   0.0    0.0      0.0
  MONTH TO DATE    0.0                       0.1   -0.1      0.0
  SINCE MAR 1      T                         0.9   -0.9      4.7
  SINCE JUL 1      9.6                       7.6    2.0     15.3
  SNOW DEPTH       0

DEGREE DAYS
 HEATING
  TODAY           11                         5      6        9
  MONTH TO DATE   97                       192    -95      166
  SINCE MAR 1    525                       662   -137      793
  SINCE JUL 1   3610                      3517     93     3770

 COOLING
  TODAY            0                         2     -2        0
  MONTH TO DATE   35                        25     10       17
  SINCE MAR 1     37                        30      7       17
  SINCE JAN 1     37                        30      7       17
..................................................................


WIND (MPH)
  HIGHEST WIND SPEED    17   HIGHEST WIND DIRECTION     W (270)
  HIGHEST GUST SPEED    21   HIGHEST GUST DIRECTION    NW (300)
  AVERAGE WIND SPEED     7.0


SKY COVER
  POSSIBLE SUNSHINE  MM
  AVERAGE SKY COVER 0.4


WEATHER CONDITIONS
 THE FOLLOWING WEATHER WAS RECORDED TODAY.
  NO SIGNIFICANT WEATHER WAS OBSERVED.


RELATIVE HUMIDITY (PERCENT)
 HIGHEST    40           400 AM
 LOWEST     18           300 PM
 AVERAGE    29

..........................................................


THE PIEDMONT TRIAD INTL AIRPORT NC CLIMATE NORMALS FOR TOMORROW
                         NORMAL    RECORD    YEAR
 MAXIMUM TEMPERATURE (F)   73        94      1925
 MINIMUM TEMPERATURE (F)   50        32      1930


SUNRISE AND SUNSET
APRIL 24 2015.........SUNRISE   636 AM EDT   SUNSET   801 PM EDT
APRIL 25 2015.........SUNRISE   634 AM EDT   SUNSET   802 PM EDT


-  INDICATES NEGATIVE NUMBERS.
R  INDICATES RECORD WAS SET OR TIED.
MM INDICATES DATA IS MISSING.
T  INDICATES TRACE AMOUNT.

$$
