000
CDUS44 KJAN 062112
CLIGWO


CLIMATE REPORT
NATIONAL WEATHER SERVICE JACKSON MS
411 PM CDT WED MAY 6 2015


...................................

...THE GREENWOOD CLIMATE SUMMARY FOR MAY 6 2015...
VALID TODAY AS OF 0400 PM LOCAL TIME.

CLIMATE NORMAL PERIOD 1981 TO 2010
CLIMATE RECORD PERIOD 1948 TO 2015


WEATHER ITEM   OBSERVED TIME   RECORD YEAR NORMAL DEPARTURE LAST
                VALUE   (LST)  VALUE       VALUE  FROM      YEAR
                                                  NORMAL
..................................................................
TEMPERATURE (F)
 TODAY
  MAXIMUM         84    252 PM  93    2007  80      4       84
  MINIMUM         58    513 AM  45    1957  58      0       56
  AVERAGE         71                        69      2       70

PRECIPITATION (IN)
  TODAY            0.00          3.03 1987   0.17  -0.17     0.00
  MONTH TO DATE    0.00                      1.04  -1.04     0.00
  SINCE MAR 1     11.54                     10.48   1.06    13.70
  SINCE JAN 1     20.93                     19.42   1.51    19.98

SNOWFALL (IN)
  TODAY            0.0

DEGREE DAYS
 HEATING
  TODAY            0                         1     -1        0
  MONTH TO DATE    5                         6     -1       16
  SINCE MAR 1    339                       446   -107      599
  SINCE JUL 1   2860                      2677    183     3253

 COOLING
  TODAY            6                         5      1        5
  MONTH TO DATE   21                        27     -6       17
  SINCE MAR 1    132                       124      8       80
  SINCE JAN 1    132                       129      3       80
..................................................................


WIND (MPH)
  HIGHEST WIND SPEED    13   HIGHEST WIND DIRECTION    SE (120)
  HIGHEST GUST SPEED    17   HIGHEST GUST DIRECTION     S (180)
  AVERAGE WIND SPEED     5.3


SKY COVER
  POSSIBLE SUNSHINE  MM
  AVERAGE SKY COVER 0.1


WEATHER CONDITIONS
 THE FOLLOWING WEATHER WAS RECORDED TODAY.
  NO SIGNIFICANT WEATHER WAS OBSERVED.


RELATIVE HUMIDITY (PERCENT)
 HIGHEST    84           300 AM
 LOWEST     37           200 PM
 AVERAGE    61

..........................................................


THE GREENWOOD CLIMATE NORMALS FOR TOMORROW
                         NORMAL    RECORD    YEAR
 MAXIMUM TEMPERATURE (F)   81        94      1952
 MINIMUM TEMPERATURE (F)   58        45      1992
                                             1989


SUNRISE AND SUNSET
MAY  6 2015...........SUNRISE   607 AM CDT   SUNSET   747 PM CDT
MAY  7 2015...........SUNRISE   607 AM CDT   SUNSET   748 PM CDT


-  INDICATES NEGATIVE NUMBERS.
R  INDICATES RECORD WAS SET OR TIED.
MM INDICATES DATA IS MISSING.
T  INDICATES TRACE AMOUNT.




$$
