000
CDUS44 KJAN 172243
CLIHBG


CLIMATE REPORT
NATIONAL WEATHER SERVICE JACKSON MS
543 PM CDT FRI APR 17 2015


...................................

...THE HATTIESBURG CLIMATE SUMMARY FOR APRIL 17 2015...
VALID AS OF 0500 PM LOCAL TIME.

CLIMATE NORMAL PERIOD 1981 TO 2010
CLIMATE RECORD PERIOD 1948 TO 2015


WEATHER ITEM   OBSERVED TIME   RECORD YEAR NORMAL DEPARTURE LAST
                VALUE   (LST)  VALUE       VALUE  FROM      YEAR
                                                  NORMAL
..................................................................
TEMPERATURE (F)
 TODAY
  MAXIMUM         85    354 PM  90    2006  78      7       68
  MINIMUM         68    200 AM  33    1951  53     15       41
  AVERAGE         77

PRECIPITATION (IN)
  TODAY            0.02          1.72 1973   0.16  -0.14      T
  MONTH TO DATE    2.86                      2.99  -0.13     3.98
  SINCE MAR 1      8.57                      8.49   0.08    10.35
  SINCE JAN 1     16.40                     19.62  -3.22    20.25

SNOWFALL (IN)
  TODAY            0.0

..................................................................










-  INDICATES NEGATIVE NUMBERS.
R  INDICATES RECORD WAS SET OR TIED.
MM INDICATES DATA IS MISSING.
T  INDICATES TRACE AMOUNT.




$$
