000
CDUS41 KLWX 250531
CLIHGR


CLIMATE REPORT
NATIONAL WEATHER SERVICE BALTIMORE MD/WASHINGTON DC
131 AM EDT SAT APR 25 2015


...................................

...THE HAGERSTOWN MD CLIMATE SUMMARY FOR APRIL 24 2015...

CLIMATE NORMAL PERIOD 1981 TO 2010
CLIMATE RECORD PERIOD 9999 TO 9999


WEATHER ITEM   OBSERVED TIME   RECORD YEAR NORMAL DEPARTURE LAST
                VALUE   (LST)  VALUE       VALUE  FROM      YEAR
                                                  NORMAL
..................................................................
TEMPERATURE (F)
 YESTERDAY
  MAXIMUM         58    431 PM  MM      MM  66     -8       63
  MINIMUM         36    556 AM  MM      MM  45     -9       35
  AVERAGE         47                        56     -9       49

PRECIPITATION (IN)
  YESTERDAY        0.00         MM      MM   0.11  -0.11     0.00
  MONTH TO DATE    2.89                      2.91  -0.02     1.22
  SINCE MAR 1      5.19                      6.29  -1.10     2.89
  SINCE JAN 1      7.47                     11.52  -4.05     6.67

DEGREE DAYS
 HEATING
  YESTERDAY       18                        10      8       16
  MONTH TO DATE  225                       327   -102      320
  SINCE MAR 1   1006                      1056    -50     1179
  SINCE JUL 1   5012                      4959     53     5194

 COOLING
  YESTERDAY        0                         1     -1        0
  MONTH TO DATE    2                         6     -4       10
  SINCE MAR 1      2                         7     -5       10
  SINCE JAN 1      2                         7     -5       10
..................................................................


WIND (MPH)
  HIGHEST WIND SPEED    28   HIGHEST WIND DIRECTION    NW (310)
  HIGHEST GUST SPEED    36   HIGHEST GUST DIRECTION     W (290)
  AVERAGE WIND SPEED    15.8


SKY COVER
  POSSIBLE SUNSHINE  MM
  AVERAGE SKY COVER 0.2


WEATHER CONDITIONS
 THE FOLLOWING WEATHER WAS RECORDED YESTERDAY.
  NO SIGNIFICANT WEATHER WAS OBSERVED.


RELATIVE HUMIDITY (PERCENT)
 HIGHEST    54          1200 AM
 LOWEST     23           400 PM
 AVERAGE    39

..........................................................


THE HAGERSTOWN MD CLIMATE NORMALS FOR TODAY
                         NORMAL    RECORD    YEAR
 MAXIMUM TEMPERATURE (F)   66        MM        MM
 MINIMUM TEMPERATURE (F)   46        MM        MM


SUNRISE AND SUNSET
APRIL 25 2015.........SUNRISE   620 AM EDT   SUNSET   759 PM EDT
APRIL 26 2015.........SUNRISE   618 AM EDT   SUNSET   800 PM EDT


-  INDICATES NEGATIVE NUMBERS.
R  INDICATES RECORD WAS SET OR TIED.
MM INDICATES DATA IS MISSING.
T  INDICATES TRACE AMOUNT.




$$
