000
CDUS45 KTFX 192238
CLIHLN


CLIMATE REPORT
NATIONAL WEATHER SERVICE GREAT FALLS MT
435 PM MDT SUN APR 19 2015


...................................

...THE HELENA MT CLIMATE SUMMARY FOR APRIL 19 2015...
VALID TODAY AS OF 0400 PM LOCAL TIME.

CLIMATE NORMAL PERIOD 1981 TO 2010
CLIMATE RECORD PERIOD 1866 TO 2015


WEATHER ITEM   OBSERVED TIME   RECORD YEAR NORMAL DEPARTURE LAST
                VALUE   (LST)  VALUE       VALUE  FROM      YEAR
                                                  NORMAL
..................................................................
TEMPERATURE (F)
 TODAY
  MAXIMUM         58    246 PM  85    1962  59     -1       67
  MINIMUM         31    238 AM   7    1951  33     -2       24
  AVERAGE         45                        46     -1       46

PRECIPITATION (IN)
  TODAY            0.00          0.98 1984   0.04  -0.04     0.00
  MONTH TO DATE    0.16                      0.58  -0.42     0.04
  SINCE OCT 1      3.61                      3.40   0.21     4.37
  SINCE JAN 1      1.33                      1.83  -0.50     3.37

SNOWFALL (IN)
  TODAY            0.0           4.2  1967   0.2   -0.2      0.0
  MONTH TO DATE    T                         2.6   -2.6       T
  SINCE MAR 1      T                         8.8   -8.8      3.8
  SINCE JUL 1     24.3                      36.1  -11.8     41.8
  SNOW DEPTH       0

DEGREE DAYS
 HEATING
  TODAY           20                        19      1       19
  MONTH TO DATE  409                       410     -1      379
  SINCE MAR 1   1030                      1301   -271     1307
  SINCE JUL 1   6038                      6862   -824     6823

 COOLING
  TODAY            0                         0      0        0
  MONTH TO DATE    0                         0      0        0
  SINCE MAR 1      0                         0      0        0
  SINCE JAN 1      0                         0      0        0
..................................................................


WIND (MPH)
  HIGHEST WIND SPEED    12   HIGHEST WIND DIRECTION     E (80)
  HIGHEST GUST SPEED    16   HIGHEST GUST DIRECTION    NE (40)
  AVERAGE WIND SPEED     4.1


SKY COVER
  AVERAGE SKY COVER 0.8


WEATHER CONDITIONS
 THE FOLLOWING WEATHER WAS RECORDED TODAY.
  NO SIGNIFICANT WEATHER WAS OBSERVED.


RELATIVE HUMIDITY (PERCENT)
 HIGHEST    70          1200 AM
 LOWEST     26           200 PM
 AVERAGE    48

..........................................................


THE HELENA MT CLIMATE NORMALS FOR TOMORROW
                         NORMAL    RECORD    YEAR
 MAXIMUM TEMPERATURE (F)   59        85      1980
 MINIMUM TEMPERATURE (F)   33         3      1927


SUNRISE AND SUNSET
APRIL 19 2015.........SUNRISE   634 AM MDT   SUNSET   821 PM MDT
APRIL 20 2015.........SUNRISE   632 AM MDT   SUNSET   823 PM MDT


-  INDICATES NEGATIVE NUMBERS.
R  INDICATES RECORD WAS SET OR TIED.
MM INDICATES DATA IS MISSING.
T  INDICATES TRACE AMOUNT.




$$
