000
CDUS44 KHGX 192119
CLIHOU

SATCLIHOU 000
TTAA00 KHGX 192117


CLIMATE REPORT
NATIONAL WEATHER SERVICE HOUSTON/GALVESTON TX
416 PM CDT SUN APR 19 2015


...................................

...THE HOUSTON INTERCONTINENTAL CLIMATE SUMMARY FOR APRIL 19 2015...
VALID TODAY AS OF 400 PM LOCAL TIME.

CLIMATE NORMAL PERIOD 1981 TO 2010
CLIMATE RECORD PERIOD 1892 TO 2015


WEATHER ITEM   OBSERVED TIME   RECORD YEAR NORMAL DEPARTURE LAST
                VALUE   (LST)  VALUE       VALUE  FROM      YEAR
                                                  NORMAL
..................................................................
TEMPERATURE (F)
 TODAY
  MAXIMUM         86    259 PM  92    2011  80      6       80
                                      1987
  MINIMUM         58    605 AM  40    1901  60     -2       55
  AVERAGE         72                        70      2       68

PRECIPITATION (IN)
  TODAY            0.01          2.77 1931   0.11  -0.10     0.00
  MONTH TO DATE    5.34                      1.96   3.38     1.56
  SINCE MAR 1     11.68                      5.37   6.31     4.01
  SINCE JAN 1     15.51                     11.95   3.56     7.36

SNOWFALL (IN)
  TODAY            0.0          MM      MM   0.0    0.0      0.0
  MONTH TO DATE    0.0                       0.0    0.0      0.0
  SINCE MAR 1      0.0                       0.0    0.0      0.0
  SINCE JUL 1      0.0                       0.1   -0.1       T
  SNOW DEPTH       0

DEGREE DAYS
 HEATING
  TODAY            0                         1     -1        0
  MONTH TO DATE    3                        31    -28       41
  SINCE MAR 1    142                       172    -30      255
  SINCE JUL 1   1461                      1360    101     1735

 COOLING
  TODAY            7                         6      1        3
  MONTH TO DATE  159                        93     66       74
  SINCE MAR 1    227                       164     63      106
  SINCE JAN 1    237                       202     35      140
..................................................................


WIND (MPH)
  RESULTANT WIND SPEED   4   RESULTANT WIND DIRECTION  SW (230)
  HIGHEST WIND SPEED    15   HIGHEST WIND DIRECTION     W (250)
  HIGHEST GUST SPEED    25   HIGHEST GUST DIRECTION     S (200)
  AVERAGE WIND SPEED     6.4



WEATHER CONDITIONS
 THE FOLLOWING WEATHER WAS RECORDED TODAY.
  LIGHT RAIN


RELATIVE HUMIDITY (PERCENT)
 HIGHEST   100           600 AM
 LOWEST     51           100 PM
 AVERAGE    76

..........................................................


THE HOUSTON INTERCONTINENTAL CLIMATE NORMALS FOR TOMORROW
                         NORMAL    RECORD    YEAR
 MAXIMUM TEMPERATURE (F)   81        93      1987
 MINIMUM TEMPERATURE (F)   61        39      2013


SUNRISE AND SUNSET
APRIL 19 2015.........SUNRISE   651 AM CDT   SUNSET   751 PM CDT
APRIL 20 2015.........SUNRISE   649 AM CDT   SUNSET   752 PM CDT


-  INDICATES NEGATIVE NUMBERS.
R  INDICATES RECORD WAS SET OR TIED.
MM INDICATES DATA IS MISSING.
T  INDICATES TRACE AMOUNT.


&&

...................................

...THE HOUSTON/HOBBY AIRPORT CLIMATE SUMMARY FOR APRIL 19 2015...
VALID TODAY AS OF 400 PM LOCAL TIME.

CLIMATE NORMAL PERIOD 1981 TO 2010
CLIMATE RECORD PERIOD 1930 TO 2015


WEATHER ITEM   OBSERVED TIME   RECORD YEAR NORMAL DEPARTURE LAST
                VALUE   (LST)  VALUE       VALUE  FROM      YEAR
                                                  NORMAL
..................................................................
TEMPERATURE (F)
 TODAY
  MAXIMUM         86    247 PM  88    2011  80      6       79
                                      1984
                                      1972
  MINIMUM         60    423 AM  40    1940  62     -2       58
  AVERAGE         73                        71      2       69

PRECIPITATION (IN)
  TODAY            0.00          1.77 1992   0.12  -0.12     0.00
  MONTH TO DATE    7.51                      1.95   5.56     1.30
  SINCE MAR 1     13.89                      5.15   8.74     3.84
  SINCE JAN 1     19.77                     12.23   7.54     6.46

SNOWFALL (IN)
  TODAY            0.0          MM      MM   0.0    0.0      0.0
  MONTH TO DATE    0.0                       0.0    0.0      0.0
  SINCE MAR 1      0.0                       0.0    0.0      0.0
  SINCE JUL 1      0.0                       T      0.0       T
  SNOW DEPTH       0

DEGREE DAYS
 HEATING
  TODAY            0                         1     -1        0
  MONTH TO DATE    0                        26    -26       31
  SINCE MAR 1    115                       147    -32      218
  SINCE JUL 1   1300                      1217     83     1545

 COOLING
  TODAY            8                         6      2        4
  MONTH TO DATE  166                        93     73       69
  SINCE MAR 1    241                       162     79      107
  SINCE JAN 1    251                       200     51      146
..................................................................


WIND (MPH)
  RESULTANT WIND SPEED   5   RESULTANT WIND DIRECTION  SW (230)
  HIGHEST WIND SPEED    18   HIGHEST WIND DIRECTION    NW (320)
  HIGHEST GUST SPEED    23   HIGHEST GUST DIRECTION    NW (310)
  AVERAGE WIND SPEED     7.6



WEATHER CONDITIONS
 THE FOLLOWING WEATHER WAS RECORDED TODAY.
  NO SIGNIFICANT WEATHER WAS OBSERVED.


RELATIVE HUMIDITY (PERCENT)
 HIGHEST    97           400 AM
 LOWEST     55           200 PM
 AVERAGE    76

..........................................................


THE HOUSTON/HOBBY AIRPORT CLIMATE NORMALS FOR TOMORROW
                         NORMAL    RECORD    YEAR
 MAXIMUM TEMPERATURE (F)   80        91      1987
 MINIMUM TEMPERATURE (F)   62        42      1940


SUNRISE AND SUNSET
APRIL 19 2015.........SUNRISE   651 AM CDT   SUNSET   750 PM CDT
APRIL 20 2015.........SUNRISE   650 AM CDT   SUNSET   751 PM CDT


-  INDICATES NEGATIVE NUMBERS.
R  INDICATES RECORD WAS SET OR TIED.
MM INDICATES DATA IS MISSING.
T  INDICATES TRACE AMOUNT.

...MISCELLANEOUS CLIMATE DATA FOR TODAY...

LOCATION                        HIGH    LOW     PRECIP
PEARLAND                         86      61      0.00
SUGAR LAND                       85      58      0.00
TOMBALL                          84      58      0.01
CONROE                           83      55      0.01
HUNTSVILLE                       84      56      0.11
ANGLETON/LAKE JACKSON            82      58      0.00
PALACIOS                         79      62      0.00
LEAGUE CITY (NWS)                85      59      0.00


THIS PRODUCT...ALONG WITH OTHER WEATHER...HYDROLOGIC...AND CLIMATE
PRODUCTS...IS AVAILABLE ON THE WEB AT HTTP://WWW.SRH.NOAA.GOV/HGX
OR AT HTTP://WEATHER.GOV


$$
