000
CDUS46 KSEW 020131
CLIHQM


CLIMATE REPORT
NATIONAL WEATHER SERVICE SEATTLE WA
631 PM PDT WED APR 1 2015


...................................

...THE HOQUIAM WA AIRPORT CLIMATE SUMMARY FOR APRIL 1 2015...
VALID TODAY AS OF 0600 PM LOCAL TIME.

CLIMATE NORMAL PERIOD 1981 TO 2010
CLIMATE RECORD PERIOD 1953 TO 2015


WEATHER ITEM   OBSERVED TIME   RECORD YEAR NORMAL DEPARTURE LAST
                VALUE   (LST)  VALUE       VALUE  FROM      YEAR
                                                  NORMAL
..................................................................
TEMPERATURE (F)
 TODAY
  MAXIMUM         53    408 PM  76    1987  54     -1       53
  MINIMUM         40    631 AM  29    1975  41     -1       43
  AVERAGE         47                        47      0       48

PRECIPITATION (IN)
  TODAY            0.04          1.12 1969   0.21  -0.17     0.06
  MONTH TO DATE    0.04                      0.21  -0.17     0.06
  SINCE OCT 1     54.07                     52.40   1.67    40.76
  SINCE JAN 1     22.65                     24.74  -2.09    28.65

DEGREE DAYS
 HEATING
  TODAY           18                        18      0       17
  MONTH TO DATE   18                        18      0       17
  SINCE MAR 1    481                       607   -126      554

 COOLING
  TODAY            0                         0      0        0
  MONTH TO DATE    0                         0      0        0
  SINCE MAR 1      0                         0      0        0
  SINCE JAN 1      0                         0      0        0
..................................................................


WIND (MPH)
  RESULTANT WIND SPEED   4   RESULTANT WIND DIRECTION   W (270)
  HIGHEST WIND SPEED    18   HIGHEST WIND DIRECTION     W (260)
  HIGHEST GUST SPEED    24   HIGHEST GUST DIRECTION     W (260)
  AVERAGE WIND SPEED     7.7


SKY COVER
  AVERAGE SKY COVER 0.5


WEATHER CONDITIONS
 THE FOLLOWING WEATHER WAS RECORDED TODAY.
  LIGHT RAIN
  FOG


RELATIVE HUMIDITY (PERCENT)
 HIGHEST   100           600 AM
 LOWEST     63           400 PM
 AVERAGE    82

..........................................................


THE HOQUIAM WA AIRPORT CLIMATE NORMALS FOR TOMORROW
                         NORMAL    RECORD    YEAR
 MAXIMUM TEMPERATURE (F)   54        70      2004
 MINIMUM TEMPERATURE (F)   41        31      2008


SUNRISE AND SUNSET
APRIL  1 2015.........SUNRISE   655 AM PDT   SUNSET   745 PM PDT
APRIL  2 2015.........SUNRISE   653 AM PDT   SUNSET   746 PM PDT


-  INDICATES NEGATIVE NUMBERS.
R  INDICATES RECORD WAS SET OR TIED.
MM INDICATES DATA IS MISSING.
T  INDICATES TRACE AMOUNT.




$$
