000
CDUS44 KBRO 182128
CLIHRL


CLIMATE REPORT
NATIONAL WEATHER SERVICE BROWNSVILLE TX
427 PM CDT SAT APR 18 2015


...................................

...THE HARLINGEN CLIMATE SUMMARY FOR APRIL 18 2015...
VALID TODAY AS OF 0400 PM LOCAL TIME.

CLIMATE NORMAL PERIOD 1981 TO 2010
CLIMATE RECORD PERIOD 1912 TO 2015


WEATHER ITEM   OBSERVED TIME   RECORD YEAR NORMAL DEPARTURE LAST
                VALUE   (LST)  VALUE       VALUE  FROM      YEAR
                                                  NORMAL
..................................................................
TEMPERATURE (F)
 TODAY
  MAXIMUM         83   1216 PM 101    1920  86     -3       75
  MINIMUM         72    556 AM  44    1921  66      6       59
  AVERAGE         78                        76      2       67

PRECIPITATION (IN)
  TODAY            0.02          1.70 1960   0.07  -0.05     0.01
  MONTH TO DATE    3.20                      1.04   2.16     0.17
  SINCE MAR 1      6.26                      2.33   3.93     1.95
  SINCE JAN 1      9.18                      4.80   4.38     2.95

SNOWFALL (IN)
  TODAY            0.0
  MONTH TO DATE    0.0
  SINCE MAR 1      0.0
  SINCE JUL 1      0.0
  SNOW DEPTH       0

DEGREE DAYS
 HEATING
  TODAY            0                         0      0        0
  MONTH TO DATE    0                         7     -7       12
  SINCE MAR 1     74                        53     21      119
  SINCE JUL 1    767                       621    146      930

 COOLING
  TODAY           13                        11      2        2
  MONTH TO DATE  238                       173     65      131
  SINCE MAR 1    359                       343     16      243
  SINCE JAN 1    418                       468    -50      354
..................................................................


WIND (MPH)
  HIGHEST WIND SPEED    20   HIGHEST WIND DIRECTION     E (90)
  HIGHEST GUST SPEED    23   HIGHEST GUST DIRECTION     E (90)
  AVERAGE WIND SPEED     7.9



WEATHER CONDITIONS
 THE FOLLOWING WEATHER WAS RECORDED TODAY.
  LIGHT RAIN
  FOG


RELATIVE HUMIDITY (PERCENT)
 HIGHEST   100
 LOWEST     74
 AVERAGE    87

..........................................................


THE HARLINGEN CLIMATE NORMALS FOR TOMORROW
                         NORMAL    RECORD    YEAR
 MAXIMUM TEMPERATURE (F)   86       100      1953
 MINIMUM TEMPERATURE (F)   66        50      2013


SUNRISE AND SUNSET
APRIL 18 2015.........SUNRISE   705 AM CDT   SUNSET   756 PM CDT
APRIL 19 2015.........SUNRISE   704 AM CDT   SUNSET   756 PM CDT


-  INDICATES NEGATIVE NUMBERS.
R  INDICATES RECORD WAS SET OR TIED.
MM INDICATES DATA IS MISSING.
T  INDICATES TRACE AMOUNT.




$$
