000
CDUS43 KAPX 190540
CLIHTL


CLIMATE REPORT
NATIONAL WEATHER SERVICE GAYLORD MI
139 AM EDT SUN APR 19 2015


...................................

...THE HOUGHTON LAKE MI CLIMATE SUMMARY FOR APRIL 18 2015...

CLIMATE NORMAL PERIOD 1981 TO 2010
CLIMATE RECORD PERIOD 1913 TO 2015


WEATHER ITEM   OBSERVED TIME   RECORD YEAR NORMAL DEPARTURE LAST
                VALUE   (LST)  VALUE       VALUE  FROM      YEAR
                                                  NORMAL
..................................................................
TEMPERATURE (F)
 YESTERDAY
  MAXIMUM         67    339 PM  86    2002  56     11       47
  MINIMUM         37   1159 PM  17    1944  32      5       29
                                      1926
  AVERAGE         52                        44      8       38

PRECIPITATION (IN)
  YESTERDAY        0.00          1.37 2004   0.08  -0.08     0.00
  MONTH TO DATE    1.77                      1.54   0.23     4.28
  SINCE MAR 1      2.24                      3.38  -1.14     5.43
  SINCE JAN 1      4.05                      6.10  -2.05     8.23

SNOWFALL (IN)
  YESTERDAY        0.0           1.4  1951   0.1   -0.1      0.0
  MONTH TO DATE    1.0                       3.1   -2.1      3.5
  SINCE OCT 1     44.2                      65.9  -21.7     61.9
  SINCE JUL 1     44.2                      65.9  -21.7     61.9
  SNOW DEPTH       0

DEGREE DAYS
 HEATING
  YESTERDAY       13                        21     -8       27
  MONTH TO DATE  408                       452    -44      482
  SINCE MAR 1   1575                      1565     10     1888
  SINCE JUL 1   7942                      7437    505     8336

 COOLING
  YESTERDAY        0                         0      0        0
  MONTH TO DATE    0                         0      0        0
  SINCE MAR 1      0                         0      0        0
  SINCE JAN 1      0                         0      0        0
..................................................................


WIND (MPH)
  HIGHEST WIND SPEED    18   HIGHEST WIND DIRECTION    NE (40)
  HIGHEST GUST SPEED    23   HIGHEST GUST DIRECTION    NE (30)
  AVERAGE WIND SPEED     7.1




RELATIVE HUMIDITY (PERCENT)
 HIGHEST    64
 LOWEST     12
 AVERAGE    38

..........................................................


THE HOUGHTON LAKE MI CLIMATE NORMALS FOR TODAY
                         NORMAL    RECORD    YEAR
 MAXIMUM TEMPERATURE (F)   56        81      1948
                                             1927
                                             1914
 MINIMUM TEMPERATURE (F)   33         2      1918


SUNRISE AND SUNSET
APRIL 19 2015.........SUNRISE   649 AM EDT   SUNSET   828 PM EDT
APRIL 20 2015.........SUNRISE   647 AM EDT   SUNSET   829 PM EDT


-  INDICATES NEGATIVE NUMBERS.
R  INDICATES RECORD WAS SET OR TIED.
MM INDICATES DATA IS MISSING.
T  INDICATES TRACE AMOUNT.




$$
