000
CDUS41 KCAR 210535
CLIHUL


CLIMATE REPORT
NATIONAL WEATHER SERVICE CARIBOU, ME
131 AM EDT TUE APR 21 2015


...................................

...THE HOULTON ME CLIMATE SUMMARY FOR APRIL 20 2015...

CLIMATE NORMAL PERIOD 1981 TO 2010
CLIMATE RECORD PERIOD 1948 TO 2015


WEATHER ITEM   OBSERVED TIME   RECORD YEAR NORMAL DEPARTURE LAST
                VALUE   (LST)  VALUE       VALUE  FROM      YEAR
                                                  NORMAL
..................................................................
TEMPERATURE (F)
 YESTERDAY
  MAXIMUM         54   1210 PM  75    1941  52      2       51
  MINIMUM         20    427 AM  16    1974  30    -10       24
  AVERAGE         37                        41     -4       38

PRECIPITATION (IN)
  YESTERDAY        0.02          0.98 1998   0.13  -0.11     0.00
  MONTH TO DATE    1.04                      2.56  -1.52     2.29
  SINCE MAR 1      1.75                      5.15  -3.40     4.77
  SINCE JAN 1      3.85                     10.01  -6.16    10.35

SNOWFALL (IN)
  YESTERDAY       MM             1.6  1978   0.2   MM       MM
  MONTH TO DATE    0.0                       5.1   -5.1     MM
  SINCE MAR 1      0.0                      22.9  -22.9     MM
  SINCE JUL 1      0.0                      88.5  -88.5     MM
  SNOW DEPTH      MM

DEGREE DAYS
 HEATING
  YESTERDAY       28                        24      4       27
  MONTH TO DATE  612                       565     47      560
  SINCE MAR 1   2008                      1788    220     2061
  SINCE JUL 1   8576                      8361    215     8651

 COOLING
  YESTERDAY        0                         0      0        0
  MONTH TO DATE    0                         0      0        0
  SINCE MAR 1      0                         0      0        0
  SINCE JAN 1      0                         0      0        0
..................................................................


WIND (MPH)
  HIGHEST WIND SPEED    18   HIGHEST WIND DIRECTION    SE (140)
  HIGHEST GUST SPEED    26   HIGHEST GUST DIRECTION    SE (140)
  AVERAGE WIND SPEED     8.0


SKY COVER
  POSSIBLE SUNSHINE  MM
  AVERAGE SKY COVER 0.4


WEATHER CONDITIONS
 THE FOLLOWING WEATHER WAS RECORDED YESTERDAY.
  LIGHT RAIN
  FOG


RELATIVE HUMIDITY (PERCENT)
 HIGHEST    92           400 AM
 LOWEST     22          1200 PM
 AVERAGE    57

..........................................................


THE HOULTON ME CLIMATE NORMALS FOR TODAY
                         NORMAL    RECORD    YEAR
 MAXIMUM TEMPERATURE (F)   53        79      1977
 MINIMUM TEMPERATURE (F)   31        12      1969


SUNRISE AND SUNSET
APRIL 21 2015.........SUNRISE   535 AM EDT   SUNSET   726 PM EDT
APRIL 22 2015.........SUNRISE   533 AM EDT   SUNSET   727 PM EDT


-  INDICATES NEGATIVE NUMBERS.
R  INDICATES RECORD WAS SET OR TIED.
MM INDICATES DATA IS MISSING.
T  INDICATES TRACE AMOUNT.




$$
