000
CDUS45 KTFX 260801
CLIHVR


CLIMATE REPORT
NATIONAL WEATHER SERVICE GREAT FALLS MT
200 AM MDT SUN APR 26 2015


...................................

...THE HAVRE MT CLIMATE SUMMARY FOR APRIL 25 2015...

CLIMATE NORMAL PERIOD 1981 TO 2010
CLIMATE RECORD PERIOD 1880 TO 2015


WEATHER ITEM   OBSERVED TIME   RECORD YEAR NORMAL DEPARTURE LAST
                VALUE   (LST)  VALUE       VALUE  FROM      YEAR
                                                  NORMAL
..................................................................
TEMPERATURE (F)
 YESTERDAY
  MAXIMUM         54    155 PM  89    1910  62     -8       64
  MINIMUM         37   1159 PM  18    1959  33      4       33
  AVERAGE         46                        47     -1       49

PRECIPITATION (IN)
  YESTERDAY        T             1.67 1882   0.04  -0.04     0.00
  MONTH TO DATE    0.33                      0.65  -0.32     0.47
  SINCE OCT 1      4.06                      3.21   0.85     4.28
  SINCE JAN 1      2.49                      1.80   0.69     2.27

SNOWFALL (IN)
  YESTERDAY        0.0           1.5  1994   0.0    0.0      0.0
  MONTH TO DATE    T                         2.7   -2.7       T
  SINCE MAR 1      T                         9.0   -9.0      7.0
  SINCE JUL 1     20.6                      36.9  -16.3     44.4
  SNOW DEPTH       0

DEGREE DAYS
 HEATING
  YESTERDAY       19                        18      1       16
  MONTH TO DATE  526                       535     -9      511
  SINCE MAR 1   1258                      1533   -275     1673
  SINCE JUL 1   6926                      7653   -727     7914

 COOLING
  YESTERDAY        0                         0      0        0
  MONTH TO DATE    0                         0      0        0
  SINCE MAR 1      0                         0      0        0
  SINCE JAN 1      0                         0      0        0
..................................................................


WIND (MPH)
  HIGHEST WIND SPEED    24   HIGHEST WIND DIRECTION     N (340)
  HIGHEST GUST SPEED    29   HIGHEST GUST DIRECTION     N (350)
  AVERAGE WIND SPEED    12.2


SKY COVER
  AVERAGE SKY COVER 0.7


WEATHER CONDITIONS
 THE FOLLOWING WEATHER WAS RECORDED YESTERDAY.
  LIGHT RAIN


RELATIVE HUMIDITY (PERCENT)
 HIGHEST    70           700 AM
 LOWEST     32           200 AM
 AVERAGE    51

..........................................................


THE HAVRE MT CLIMATE NORMALS FOR TODAY
                         NORMAL    RECORD    YEAR
 MAXIMUM TEMPERATURE (F)   62        94      1910
 MINIMUM TEMPERATURE (F)   33        17      1988


SUNRISE AND SUNSET
APRIL 26 2015.........SUNRISE   608 AM MDT   SUNSET   826 PM MDT
APRIL 27 2015.........SUNRISE   607 AM MDT   SUNSET   828 PM MDT


-  INDICATES NEGATIVE NUMBERS.
R  INDICATES RECORD WAS SET OR TIED.
MM INDICATES DATA IS MISSING.
T  INDICATES TRACE AMOUNT.




$$
