000
CDUS43 KUNR 250855
CLIICR


CLIMATE REPORT
NATIONAL WEATHER SERVICE RAPID CITY SD
255 AM MDT SAT APR 25 2015


...................................

...THE WINNER REGIONAL AIRPORT SD CLIMATE SUMMARY FOR APRIL 24 2015...

CLIMATE NORMAL PERIOD 1981 TO 2010
CLIMATE RECORD PERIOD 9999 TO 9999


WEATHER ITEM   OBSERVED TIME   NORMAL DEPARTURE LAST
                VALUE   (LST)  VALUE  FROM      YEAR
                                      NORMAL
......................................................
TEMPERATURE (F)
 YESTERDAY
  MAXIMUM         81    439 PM  63     18       70
  MINIMUM         54    338 AM  39     15       44
  AVERAGE         68            51     17       57

PRECIPITATION (IN)
  YESTERDAY        T             0.11  -0.11     0.00
  MONTH TO DATE    0.64          1.85  -1.21     0.15
  SINCE MAR 1      0.75          3.23  -2.48     0.19
  SINCE JAN 1      0.84          3.99  -3.15     0.27

DEGREE DAYS
 HEATING
  YESTERDAY        0            14    -14        8
  MONTH TO DATE  337           440   -103      395
  SINCE MAR 1    962          1316   -354     1345
  SINCE JUL 1   5722          6325   -603     6678

 COOLING
  YESTERDAY        3             0      3        0
  MONTH TO DATE    3             0      3        3
  SINCE MAR 1      9             0      9        3
  SINCE JAN 1      9             0      9        3
......................................................


WIND (MPH)
  HIGHEST WIND SPEED    26   HIGHEST WIND DIRECTION     S (180)
  HIGHEST GUST SPEED    31   HIGHEST GUST DIRECTION     S (180)
  AVERAGE WIND SPEED    11.2


SKY COVER
  AVERAGE SKY COVER 0.2


WEATHER CONDITIONS
 THE FOLLOWING WEATHER WAS RECORDED YESTERDAY.
  LIGHT RAIN


RELATIVE HUMIDITY (PERCENT)
 HIGHEST    62           700 AM
 LOWEST     21           500 PM
 AVERAGE    42

..........................................................




SUNRISE AND SUNSET
APRIL 25 2015.........SUNRISE   641 AM CDT   SUNSET   834 PM CDT
APRIL 26 2015.........SUNRISE   640 AM CDT   SUNSET   835 PM CDT


-  INDICATES NEGATIVE NUMBERS.
R  INDICATES RECORD WAS SET OR TIED.
MM INDICATES DATA IS MISSING.
T  INDICATES TRACE AMOUNT.




$$
