000
CDUS43 KIND 052332
CLIIND


CLIMATE REPORT
NATIONAL WEATHER SERVICE INDIANAPOLIS IN
731 PM EDT TUE MAY 5 2015


...................................

...THE INDIANAPOLIS IN CLIMATE SUMMARY FOR MAY 5 2015...
VALID AS OF 0700 PM LOCAL TIME.

CLIMATE NORMAL PERIOD 1981 TO 2010
CLIMATE RECORD PERIOD 1871 TO 2015


WEATHER ITEM   OBSERVED TIME   RECORD YEAR NORMAL DEPARTURE LAST
                VALUE   (LST)  VALUE       VALUE  FROM      YEAR
                                                  NORMAL
..................................................................
TEMPERATURE (F)
 TODAY
  MAXIMUM         83    349 PM  92    1952  70     13       70
  MINIMUM         62    618 AM  35    1973  49     13       46
                                      1957
                                      1907
  AVERAGE         73                        59     14       58

PRECIPITATION (IN)
  TODAY            0.00          1.79 1882   0.16  -0.16     0.00
  MONTH TO DATE    0.13                      0.79  -0.66      T
  SINCE MAR 1      7.66                      8.16  -0.50     7.77
  SINCE JAN 1     10.81                     13.14  -2.33    12.56

SNOWFALL (IN)
  TODAY            0.0           T    1917   0.0    0.0      0.0
  MONTH TO DATE    0.0                       0.0    0.0      0.0
  SINCE MAR 1      5.9                       2.8    3.1      3.4
  SINCE JUL 1     25.6                      25.9   -0.3     55.7
  SNOW DEPTH       0

..................................................................


WIND (MPH)
  HIGHEST WIND SPEED    20   HIGHEST WIND DIRECTION     W (250)
  HIGHEST GUST SPEED    24   HIGHEST GUST DIRECTION     S (200)
  AVERAGE WIND SPEED    10.2


SKY COVER
  AVERAGE SKY COVER 0.7


WEATHER CONDITIONS
 THE FOLLOWING WEATHER WAS RECORDED TODAY.
  FOG
  HAZE


RELATIVE HUMIDITY (PERCENT)
 HIGHEST    93           200 AM
 LOWEST     36           400 PM

..........................................................


THE INDIANAPOLIS IN CLIMATE NORMALS FOR TOMORROW
                         NORMAL    RECORD    YEAR
 MAXIMUM TEMPERATURE (F)   70        89      1949
 MINIMUM TEMPERATURE (F)   49        31      1968


SUNRISE AND SUNSET
MAY  5 2015...........SUNRISE   641 AM EDT   SUNSET   843 PM EDT
MAY  6 2015...........SUNRISE   640 AM EDT   SUNSET   844 PM EDT


-  INDICATES NEGATIVE NUMBERS.
R  INDICATES RECORD WAS SET OR TIED.
MM INDICATES DATA IS MISSING.
T  INDICATES TRACE AMOUNT.




$$
