000
CDUS43 KDLH 190630
CLIINL


CLIMATE REPORT
NATIONAL WEATHER SERVICE DULUTH MN
128 AM CDT SUN APR 19 2015


...................................

...THE INTERNATIONAL FALLS MN CLIMATE SUMMARY FOR APRIL 18 2015...

CLIMATE NORMAL PERIOD 1981 TO 2010
CLIMATE RECORD PERIOD 1895 TO 2015


WEATHER ITEM   OBSERVED TIME   RECORD YEAR NORMAL DEPARTURE LAST
                VALUE   (LST)  VALUE       VALUE  FROM      YEAR
                                                  NORMAL
..................................................................
TEMPERATURE (F)
 YESTERDAY
  MAXIMUM         63    421 PM  88    1987  53     10       46
  MINIMUM         25    309 AM  15    2014  28     -3       15
                                      1963
  AVERAGE         44                        41      3       31

PRECIPITATION (IN)
  YESTERDAY        0.00          1.50 2005   0.05  -0.05     0.00
  MONTH TO DATE    0.26                      0.82  -0.56     0.36
  SINCE MAR 1      0.90                      1.77  -0.87     1.82
  SINCE JAN 1      2.92                      2.96  -0.04     3.57

SNOWFALL (IN)
  YESTERDAY        0.0           0.9  2013   0.2   -0.2      0.0
  MONTH TO DATE    2.0                       4.7   -2.7      2.6
  SINCE MAR 1      5.5                      12.3   -6.8     20.2
  SINCE JUL 1     62.2                      69.1   -6.9     96.6
  SNOW DEPTH       0

DEGREE DAYS
 HEATING
  YESTERDAY       21                        24     -3       34
  MONTH TO DATE  446                       515    -69      612
  SINCE MAR 1   1615                      1798   -183     2218
  SINCE JUL 1   9369                      9381    -12    10649

 COOLING
  YESTERDAY        0                         0      0        0
  MONTH TO DATE    0                         0      0        0
  SINCE MAR 1      0                         0      0        0
  SINCE JAN 1      0                         0      0        0
..................................................................


WIND (MPH)
  HIGHEST WIND SPEED    21   HIGHEST WIND DIRECTION    SE (140)
  HIGHEST GUST SPEED    28   HIGHEST GUST DIRECTION    SE (140)
  AVERAGE WIND SPEED    10.0


SKY COVER
  AVERAGE SKY COVER 0.0


WEATHER CONDITIONS
 THE FOLLOWING WEATHER WAS RECORDED YESTERDAY.
  NO SIGNIFICANT WEATHER WAS OBSERVED.


RELATIVE HUMIDITY (PERCENT)
 HIGHEST    85           100 AM
 LOWEST     17           200 PM
 AVERAGE    51

..........................................................


THE INTERNATIONAL FALLS MN CLIMATE NORMALS FOR TODAY
                         NORMAL    RECORD    YEAR
 MAXIMUM TEMPERATURE (F)   54        83      1987
 MINIMUM TEMPERATURE (F)   29        15      1947


SUNRISE AND SUNSET
APRIL 19 2015.........SUNRISE   616 AM CDT   SUNSET   810 PM CDT
APRIL 20 2015.........SUNRISE   614 AM CDT   SUNSET   812 PM CDT


-  INDICATES NEGATIVE NUMBERS.
R  INDICATES RECORD WAS SET OR TIED.
MM INDICATES DATA IS MISSING.
T  INDICATES TRACE AMOUNT.




$$
