000
CDUS43 KEAX 050638
CLIIRK


CLIMATE REPORT
NATIONAL WEATHER SERVICE KANSAS CITY/PLEASANT HILL MO
137 AM CDT TUE MAY 5 2015


...................................

...THE KIRKSVILLE MO CLIMATE SUMMARY FOR MAY 4 2015...

CLIMATE NORMAL PERIOD 1981 TO 2010
CLIMATE RECORD PERIOD 9999 TO 9999


WEATHER ITEM   OBSERVED TIME   NORMAL DEPARTURE LAST
                VALUE   (LST)  VALUE  FROM      YEAR
                                      NORMAL
......................................................
TEMPERATURE (F)
 YESTERDAY
  MAXIMUM         78    400 PM  68     10       70
  MINIMUM         62   1158 PM  47     15       46
  AVERAGE         70            58     12       58

PRECIPITATION (IN)
  YESTERDAY        0.03          0.19  -0.16     0.00
  MONTH TO DATE    0.21          0.76  -0.55     0.01
  SINCE MAR 1      4.74          7.15  -2.41     4.06
  SINCE JAN 1      6.79          9.95  -3.16     7.61

DEGREE DAYS
 HEATING
  YESTERDAY        0             8     -8        7
  MONTH TO DATE   14            33    -19       37
  SINCE MAR 1    982          1190   -208     1340
  SINCE JUL 1   5661          5723    -62     6310

 COOLING
  YESTERDAY        5             1      4        0
  MONTH TO DATE    8             3      5        0
  SINCE MAR 1     11            10      1        5
  SINCE JAN 1     11            10      1        5
......................................................


WIND (MPH)
  HIGHEST WIND SPEED    17   HIGHEST WIND DIRECTION     S (180)
  HIGHEST GUST SPEED    22   HIGHEST GUST DIRECTION     S (180)
  AVERAGE WIND SPEED     6.9


SKY COVER
  AVERAGE SKY COVER 0.3


WEATHER CONDITIONS
 THE FOLLOWING WEATHER WAS RECORDED YESTERDAY.
  THUNDERSTORM
  FOG


RELATIVE HUMIDITY (PERCENT)
 HIGHEST    93          1100 PM
 LOWEST     56          1200 PM
 AVERAGE    75

..........................................................


THE KIRKSVILLE MO CLIMATE NORMALS FOR TODAY
                         NORMAL
 MAXIMUM TEMPERATURE (F)   69
 MINIMUM TEMPERATURE (F)   48


SUNRISE AND SUNSET
MAY  5 2015...........SUNRISE   605 AM CDT   SUNSET   809 PM CDT
MAY  6 2015...........SUNRISE   604 AM CDT   SUNSET   810 PM CDT


-  INDICATES NEGATIVE NUMBERS.
R  INDICATES RECORD WAS SET OR TIED.
MM INDICATES DATA IS MISSING.
T  INDICATES TRACE AMOUNT.




$$
