000
CDUS43 KBIS 040728
CLIISN


CLIMATE REPORT
NATIONAL WEATHER SERVICE BISMARCK ND
228 AM CDT MON MAY 4 2015


...................................

...THE WILLISTON ND CLIMATE SUMMARY FOR MAY 3 2015...

CLIMATE NORMAL PERIOD 1981 TO 2010
CLIMATE RECORD PERIOD 1894 TO 2015


WEATHER ITEM   OBSERVED TIME   RECORD YEAR NORMAL DEPARTURE LAST
                VALUE   (LST)  VALUE       VALUE  FROM      YEAR
                                                  NORMAL
..................................................................
TEMPERATURE (F)
 YESTERDAY
  MAXIMUM         66    344 PM  90    1982  64      2       50
                                      1952
  MINIMUM         35   1147 PM  10    2005  36     -1       36
  AVERAGE         51                        50      1       43

PRECIPITATION (IN)
  YESTERDAY        0.00          0.85 1919   0.05  -0.05     0.00
  MONTH TO DATE    0.00                      0.15  -0.15      T
  SINCE MAR 1      0.74                      1.86  -1.12     2.03
  SINCE JAN 1      1.68                      2.84  -1.16     2.47

SNOWFALL (IN)
  YESTERDAY       MM             2.3  1991   0.0   MM       MM
  MONTH TO DATE   MM                         0.2   MM       MM
  SINCE MAR 1     MM                        10.1   MM       MM
  SINCE JUL 1     MM                        44.2   MM       MM
  SNOW DEPTH      MM

DEGREE DAYS
 HEATING
  YESTERDAY       14                        15     -1       22
  MONTH TO DATE   29                        46    -17       48
  SINCE MAR 1   1501                      1803   -302     1977
  SINCE JUL 1   8017                      8571   -554     8926

 COOLING
  YESTERDAY        0                         0      0        0
  MONTH TO DATE    0                         0      0        0
  SINCE MAR 1      0                         1     -1        0
  SINCE JAN 1      0                         1     -1        0
..................................................................


WIND (MPH)
  HIGHEST WIND SPEED    23   HIGHEST WIND DIRECTION    NW (320)
  HIGHEST GUST SPEED    29   HIGHEST GUST DIRECTION     N (340)
  AVERAGE WIND SPEED     8.7


SKY COVER
  POSSIBLE SUNSHINE  MM
  AVERAGE SKY COVER 0.2


WEATHER CONDITIONS
 THE FOLLOWING WEATHER WAS RECORDED YESTERDAY.
  LIGHT RAIN


RELATIVE HUMIDITY (PERCENT)
 HIGHEST    76           500 AM
 LOWEST     18           400 PM
 AVERAGE    47

..........................................................


THE WILLISTON ND CLIMATE NORMALS FOR TODAY
                         NORMAL    RECORD    YEAR
 MAXIMUM TEMPERATURE (F)   64        91      1918
 MINIMUM TEMPERATURE (F)   36        17      2002


SUNRISE AND SUNSET
MAY  4 2015...........SUNRISE   631 AM CDT   SUNSET   912 PM CDT
MAY  5 2015...........SUNRISE   630 AM CDT   SUNSET   914 PM CDT


-  INDICATES NEGATIVE NUMBERS.
R  INDICATES RECORD WAS SET OR TIED.
MM INDICATES DATA IS MISSING.
T  INDICATES TRACE AMOUNT.




$$
