000
CDHW43 PHFO 270252
CLIITO


CLIMATE REPORT
NATIONAL WEATHER SERVICE HONOLULU HI
442 PM HST SUN APR 26 2015


...................................

...THE HILO HI CLIMATE SUMMARY FOR APRIL 26 2015...
VALID TODAY AS OF 0400 PM LOCAL TIME.

CLIMATE NORMAL PERIOD 1981 TO 2010
CLIMATE RECORD PERIOD 1946 TO 2015


WEATHER ITEM   OBSERVED TIME   RECORD YEAR NORMAL DEPARTURE LAST
                VALUE   (LST)  VALUE       VALUE  FROM      YEAR
                                                  NORMAL
..................................................................
TEMPERATURE (F)
 TODAY
  MAXIMUM         85   1230 PM  86    1977  79      6       79
                                      1962
  MINIMUM         67    402 AM  59    2009  66      1       66
  AVERAGE         76                        73      3       73

PRECIPITATION (IN)
  TODAY            0.00          3.13 1963   0.34  -0.34     0.45
  MONTH TO DATE   13.48                     10.25   3.23    12.26
  SINCE MAR 1     22.40                     23.68  -1.28    30.99
  SINCE JAN 1     30.49                     42.50 -12.01    39.22

SNOWFALL (IN)
  TODAY            0.0
  MONTH TO DATE    0.0
  SINCE MAR 1      0.0
  SINCE JUL 1      0.0
  SNOW DEPTH       0

DEGREE DAYS
 HEATING
  TODAY            0                         0      0        0
  MONTH TO DATE    0                         0      0        0
  SINCE MAR 1      0                         0      0        0
  SINCE JUL 1      0                         0      0        0

 COOLING
  TODAY           11                         7      4        8
  MONTH TO DATE  244                       182     62      218
  SINCE MAR 1    485                       393     92      454
  SINCE JAN 1   1011                       763    248      912
..................................................................


WIND (MPH)
  HIGHEST WIND SPEED    20   HIGHEST WIND DIRECTION     E (110)
  HIGHEST GUST SPEED    25   HIGHEST GUST DIRECTION     E (110)
  AVERAGE WIND SPEED     8.1


SKY COVER
  POSSIBLE SUNSHINE  MM
  AVERAGE SKY COVER 0.6


WEATHER CONDITIONS
 THE FOLLOWING WEATHER WAS RECORDED TODAY.
  NO SIGNIFICANT WEATHER WAS OBSERVED.


RELATIVE HUMIDITY (PERCENT)
 HIGHEST    87           200 AM
 LOWEST     63           100 PM
 AVERAGE    75

..........................................................


THE HILO HI CLIMATE NORMALS FOR TOMORROW
                         NORMAL    RECORD    YEAR
 MAXIMUM TEMPERATURE (F)   79        86      1977
                                             1968
 MINIMUM TEMPERATURE (F)   66        61      2009
                                             1955


SUNRISE AND SUNSET
APRIL 26 2015.........SUNRISE   555 AM HST   SUNSET   642 PM HST
APRIL 27 2015.........SUNRISE   554 AM HST   SUNSET   642 PM HST


-  INDICATES NEGATIVE NUMBERS.
R  INDICATES RECORD WAS SET OR TIED.
MM INDICATES DATA IS MISSING.
T  INDICATES TRACE AMOUNT.




$$
