000
CDUS43 KGLD 060746
CLIITR

CLIMATE REPORT
NATIONAL WEATHER SERVICE GOODLAND
141 AM MDT WED MAY 6 2015

...................................

...THE BURLINGTON CO CLIMATE SUMMARY FOR MAY 5 2015...

CLIMATE NORMAL PERIOD 1981 TO 2010
CLIMATE RECORD PERIOD 1896 TO 2015

WEATHER ITEM   OBSERVED TIME   RECORD YEAR NORMAL DEPARTURE LAST
                VALUE   (LST)  VALUE       VALUE  FROM      YEAR
                                                  NORMAL
..................................................................
TEMPERATURE (F)
 YESTERDAY
  MAXIMUM         58   1237 PM  92    1936  69    -11       81
  MINIMUM         48    155 AM  26    2013  40      8       42
                                      1944
  AVERAGE         53                        54     -1       62

PRECIPITATION (IN)
  YESTERDAY        0.52                      0.09   0.43     0.00
  MONTH TO DATE    0.82                      0.42   0.40     0.00
  SINCE MAR 1      3.50                      2.77   0.73     0.64
  SINCE JAN 1      4.64                      3.57   1.07     1.34

..................................................................

THE BURLINGTON CO CLIMATE NORMALS FOR TODAY
                         NORMAL    RECORD    YEAR
 MAXIMUM TEMPERATURE (F)   69        91      2004
                                             1934
 MINIMUM TEMPERATURE (F)   41        30      1948

-  INDICATES NEGATIVE NUMBERS.
R  INDICATES RECORD WAS SET OR TIED.
MM INDICATES DATA IS MISSING.
T  INDICATES TRACE AMOUNT.

$$
