000
CDUS43 KSGF 260630
CLIJLN


CLIMATE REPORT
NATIONAL WEATHER SERVICE SPRINGFIELD MO
130 AM CDT SUN APR 26 2015


...................................

...THE JOPLIN MO CLIMATE SUMMARY FOR APRIL 25 2015...

CLIMATE NORMAL PERIOD 1981 TO 2010
CLIMATE RECORD PERIOD 1902 TO 2015


WEATHER ITEM   OBSERVED TIME   RECORD YEAR NORMAL DEPARTURE LAST
                VALUE   (LST)  VALUE       VALUE  FROM      YEAR
                                                  NORMAL
..................................................................
TEMPERATURE (F)
 YESTERDAY
  MAXIMUM         76    144 PM  87    1949  73      3       78
                                      1986
  MINIMUM         55   1159 PM  31    1976  50      5       42
  AVERAGE         66                        61      5       60

PRECIPITATION (IN)
  YESTERDAY        0.00          3.45 1999   0.18  -0.18     0.00
  MONTH TO DATE    3.95                      3.56   0.39     1.18
  SINCE MAR 1      5.78                      6.98  -1.20     3.06
  SINCE JAN 1      7.30                     11.33  -4.03     3.91

DEGREE DAYS
 HEATING
  YESTERDAY        0                         6     -6        5
  MONTH TO DATE  155                       217    -62      231
  SINCE MAR 1    645                       725    -80      894
  SINCE JUL 1   4181                      3979    202     4743

 COOLING
  YESTERDAY        1                         2     -1        0
  MONTH TO DATE   35                        34      1       12
  SINCE MAR 1     35                        43     -8       12
  SINCE JAN 1     35                        44     -9       12
..................................................................


WIND (MPH)
  HIGHEST WIND SPEED    29   HIGHEST WIND DIRECTION     W (260)
  HIGHEST GUST SPEED    37   HIGHEST GUST DIRECTION     W (280)
  AVERAGE WIND SPEED    15.9


SKY COVER
  AVERAGE SKY COVER 0.2


WEATHER CONDITIONS
 THE FOLLOWING WEATHER WAS RECORDED YESTERDAY.
  NO SIGNIFICANT WEATHER WAS OBSERVED.


RELATIVE HUMIDITY (PERCENT)
 HIGHEST    90           200 AM
 LOWEST     46           100 PM
 AVERAGE    68

..........................................................


THE JOPLIN MO CLIMATE NORMALS FOR TODAY
                         NORMAL    RECORD    YEAR
 MAXIMUM TEMPERATURE (F)   73        90      1987
                                             1989
 MINIMUM TEMPERATURE (F)   50        27      1976


SUNRISE AND SUNSET
APRIL 26 2015.........SUNRISE   630 AM CDT   SUNSET   803 PM CDT
APRIL 27 2015.........SUNRISE   628 AM CDT   SUNSET   804 PM CDT


-  INDICATES NEGATIVE NUMBERS.
R  INDICATES RECORD WAS SET OR TIED.
MM INDICATES DATA IS MISSING.
T  INDICATES TRACE AMOUNT.




$$
