000
CDAK47 PAJK 281126
CLIJNU
AKZ025-282300-
CLIMATE REPORT
NATIONAL WEATHER SERVICE JUNEAU, AK
325 AM AKDT TUE APR 28 2015

...................................

...THE JUNEAU CLIMATE SUMMARY FOR APRIL 27 2015...

CLIMATE NORMAL PERIOD 1981 TO 2010
CLIMATE RECORD PERIOD 1943 TO 2015

WEATHER ITEM   OBSERVED TIME   RECORD YEAR NORMAL DEPARTURE LAST
                VALUE   (LST)  VALUE       VALUE  FROM      YEAR
                                                  NORMAL
..................................................................
TEMPERATURE (F)
 YESTERDAY
  MAXIMUM         48    226 PM  72    2005  52     -4       58
                                      1995
  MINIMUM         39    537 AM  25    1954  36      3       30
  AVERAGE         44                        44      0       44

PRECIPITATION (IN)
  YESTERDAY        0.07          0.95 1977   0.10  -0.03     0.06
  MONTH TO DATE    5.87                      2.65   3.22     2.44
  SINCE MAR 1     10.39                      6.43   3.96     5.89
  SINCE JAN 1     25.99                     15.91  10.08    18.02

SNOWFALL (IN)
  YESTERDAY        0.0           2.3  1964   0.0    0.0      0.0
  MONTH TO DATE    T                         1.1   -1.1      0.3
  SINCE MAR 1      9.9                      12.7   -2.8      6.3
  SINCE JUL 1     48.6                      86.7  -38.1     97.1
  SNOW DEPTH       0

DEGREE DAYS
 HEATING
  YESTERDAY       21                        21      0       21
  MONTH TO DATE  626                       665    -39      656
  SINCE MAR 1   1483                      1632   -149     1688
  SINCE JUL 1   6704                      7469   -765     7329

 COOLING
  YESTERDAY        0                         0      0        0
  MONTH TO DATE    0                         0      0        0
  SINCE MAR 1      0                         0      0        0
  SINCE JAN 1      0                         0      0        0
..................................................................

WIND (MPH)
  HIGHEST WIND SPEED    23   HIGHEST WIND DIRECTION    SE (130)
  HIGHEST GUST SPEED    28   HIGHEST GUST DIRECTION    SE (120)
  AVERAGE WIND SPEED    10.8

SKY COVER
  POSSIBLE SUNSHINE  MM
  AVERAGE SKY COVER 0.8

WEATHER CONDITIONS
 THE FOLLOWING WEATHER WAS RECORDED YESTERDAY.
  LIGHT RAIN
  FOG

RELATIVE HUMIDITY (PERCENT)
 HIGHEST    86           500 AM
 LOWEST     71           400 PM
 AVERAGE    79
..........................................................

THE JUNEAU CLIMATE NORMALS FOR TODAY
                         NORMAL    RECORD    YEAR
 MAXIMUM TEMPERATURE (F)   52        67      2005
                                             1958
 MINIMUM TEMPERATURE (F)   36        21      1954

SUNRISE AND SUNSET
APRIL 28 2015.........SUNRISE   512 AM AKDT  SUNSET   841 PM AKDT
APRIL 29 2015.........SUNRISE   509 AM AKDT  SUNSET   843 PM AKDT

-  INDICATES NEGATIVE NUMBERS.
R  INDICATES RECORD WAS SET OR TIED.
MM INDICATES DATA IS MISSING.
T  INDICATES TRACE AMOUNT.

$$
&&
----------------------------
AMOUNT OF DAYLIGHT TODAY  (HOUR:MIN)........15:29
GAIN/LOSS SINCE YESTERDAY (HOUR:MIN:SEC)....+0:04:51
