000
CDUS43 KGRR 050517
CLIJXN


CLIMATE REPORT
NATIONAL WEATHER SERVICE GRAND RAPIDS, MI
113 AM EDT TUE MAY 5 2015


...................................

...THE JACKSON MI CLIMATE SUMMARY FOR MAY 4 2015...

CLIMATE NORMAL PERIOD 1981 TO 2010
CLIMATE RECORD PERIOD 1944 TO 9999


WEATHER ITEM   OBSERVED TIME   NORMAL DEPARTURE LAST
                VALUE   (LST)  VALUE  FROM      YEAR
                                      NORMAL
......................................................
TEMPERATURE (F)
 YESTERDAY
  MAXIMUM         76    436 PM  66     10       57
  MINIMUM         56   1152 PM  43     13       38
  AVERAGE         66            54     12       48

PRECIPITATION (IN)
  YESTERDAY        0.15          0.11   0.04     0.00
  MONTH TO DATE    0.15          0.41  -0.26     0.42
  SINCE MAR 1      3.22          4.92  -1.70     4.35
  SINCE JAN 1      5.30          7.70  -2.40     8.63

DEGREE DAYS
 HEATING
  YESTERDAY        0            11    -11       17
  MONTH TO DATE   14            47    -33       67
  SINCE MAR 1   1518          1479     39     1768
  SINCE JUL 1   7022          6393    629     7332

 COOLING
  YESTERDAY        1             0      1        0
  MONTH TO DATE    1             0      1        0
  SINCE MAR 1      1             6     -5        0
  SINCE JAN 1      1             6     -5        0
......................................................


WIND (MPH)
  RESULTANT WIND SPEED   9   RESULTANT WIND DIRECTION  SW (240)
  HIGHEST WIND SPEED    25   HIGHEST WIND DIRECTION    SW (240)
  HIGHEST GUST SPEED    34   HIGHEST GUST DIRECTION    SW (230)
  AVERAGE WIND SPEED     9.5


SKY COVER
  AVERAGE SKY COVER 0.6


WEATHER CONDITIONS
 THE FOLLOWING WEATHER WAS RECORDED YESTERDAY.
  LIGHT RAIN


RELATIVE HUMIDITY (PERCENT)
 HIGHEST    86          1100 PM
 LOWEST     45          1200 AM
 AVERAGE    66

..........................................................


THE JACKSON MI CLIMATE NORMALS FOR TODAY
                         NORMAL
 MAXIMUM TEMPERATURE (F)   66
 MINIMUM TEMPERATURE (F)   43


SUNRISE AND SUNSET
MAY  5 2015...........SUNRISE   628 AM EDT   SUNSET   841 PM EDT
MAY  6 2015...........SUNRISE   627 AM EDT   SUNSET   842 PM EDT


-  INDICATES NEGATIVE NUMBERS.
R  INDICATES RECORD WAS SET OR TIED.
MM INDICATES DATA IS MISSING.
T  INDICATES TRACE AMOUNT.




$$
