000
CDUS44 KLUB 060628
CLILBB


CLIMATE REPORT
NATIONAL WEATHER SERVICE LUBBOCK, TX
126 AM CDT WED MAY 6 2015


...................................

...THE LUBBOCK CLIMATE SUMMARY FOR MAY 5 2015...

CLIMATE NORMAL PERIOD 1981 TO 2010
CLIMATE RECORD PERIOD 1911 TO 2015


WEATHER ITEM   OBSERVED TIME   RECORD YEAR NORMAL DEPARTURE LAST
                VALUE   (LST)  VALUE       VALUE  FROM      YEAR
                                                  NORMAL
..................................................................
TEMPERATURE (F)
 YESTERDAY
  MAXIMUM         73    456 PM  99    2014  81     -8       99
                                      2012
                                      1940
  MINIMUM         55    851 AM  34    1953  52      3       64
  AVERAGE         64                        67     -3       82

PRECIPITATION (IN)
  YESTERDAY        1.22          1.40 1972   0.05   1.17     0.00
  MONTH TO DATE    4.64                      0.27   4.37     0.00
  SINCE MAR 1      6.18                      2.78   3.40     0.74
  SINCE JAN 1      8.45                      4.18   4.27     0.90

SNOWFALL (IN)
  YESTERDAY        0.0                       0.0    0.0      0.0
  MONTH TO DATE    0.0                       0.0    0.0      0.0
  SINCE MAR 1      1.1                       0.8    0.3       T
  SINCE JUL 1     14.7                       8.2    6.5      4.2
  SNOW DEPTH       0

DEGREE DAYS
 HEATING
  YESTERDAY        1                         2     -1        0
  MONTH TO DATE    1                        12    -11       17
  SINCE MAR 1    513                       610    -97      627
  SINCE JUL 1   3232                      3349   -117     3479

 COOLING
  YESTERDAY        0                         4     -4       17
  MONTH TO DATE   15                        17     -2       36
  SINCE MAR 1     70                        73     -3       94
  SINCE JAN 1     70                        73     -3       94
..................................................................


WIND (MPH)
  RESULTANT WIND SPEED   6   RESULTANT WIND DIRECTION  SE (150)
  HIGHEST WIND SPEED    32   HIGHEST WIND DIRECTION    NW (310)
  HIGHEST GUST SPEED    39   HIGHEST GUST DIRECTION    NW (300)
  AVERAGE WIND SPEED    12.7


SKY COVER
  AVERAGE SKY COVER 0.7


WEATHER CONDITIONS
 THE FOLLOWING WEATHER WAS RECORDED YESTERDAY.
  THUNDERSTORM
  HEAVY RAIN
  RAIN
  LIGHT RAIN
  HAIL
  FOG


RELATIVE HUMIDITY (PERCENT)
 HIGHEST    93          1200 AM
 LOWEST     68           400 PM
 AVERAGE    81

..........................................................


THE LUBBOCK CLIMATE NORMALS FOR TODAY
                         NORMAL    RECORD    YEAR
 MAXIMUM TEMPERATURE (F)   81        99      2000
 MINIMUM TEMPERATURE (F)   53        32      1917


SUNRISE AND SUNSET
MAY  6 2015...........SUNRISE   654 AM CDT   SUNSET   834 PM CDT
MAY  7 2015...........SUNRISE   653 AM CDT   SUNSET   835 PM CDT


-  INDICATES NEGATIVE NUMBERS.
R  INDICATES RECORD WAS SET OR TIED.
MM INDICATES DATA IS MISSING.
T  INDICATES TRACE AMOUNT.




$$
